{"id":29265,"date":"2025-12-09T23:13:33","date_gmt":"2025-12-09T23:13:33","guid":{"rendered":"https:\/\/precise-nickel-jaguar.179-43-112-153.cpanel.site\/?post_type=product&#038;p=29265"},"modified":"2026-04-16T04:29:49","modified_gmt":"2026-04-16T07:29:49","slug":"controlador-manual-argb-digital-5v-3pines-sata","status":"publish","type":"product","link":"https:\/\/saltacom.com\/index.php\/producto\/controlador-manual-argb-digital-5v-3pines-sata\/","title":{"rendered":"CONTROLADOR MANUAL ARGB DIGITAL 5V 3PINES SATA"},"content":{"rendered":"<p>Este controlador ARGB simple permite cambiar los modos RGB mediante el bot\u00f3n f\u00edsico del conector SATA o mediante el bot\u00f3n de reinicio de la carcasa del PC.<\/p>\n","protected":false},"excerpt":{"rendered":"<p>Este controlador ARGB simple permite cambiar los modos RGB mediante el bot\u00f3n f\u00edsico del conector SATA o mediante el bot\u00f3n<\/p>\n","protected":false},"featured_media":29321,"template":"","meta":[],"product_brand":[],"product_cat":[74],"product_tag":[],"class_list":{"0":"post-29265","1":"product","2":"type-product","3":"status-publish","4":"has-post-thumbnail","6":"product_cat-cables","8":"first","9":"outofstock","10":"shipping-taxable","11":"purchasable","12":"product-type-simple"},"_links":{"self":[{"href":"https:\/\/saltacom.com\/index.php\/wp-json\/wp\/v2\/product\/29265","targetHints":{"allow":["GET"]}}],"collection":[{"href":"https:\/\/saltacom.com\/index.php\/wp-json\/wp\/v2\/product"}],"about":[{"href":"https:\/\/saltacom.com\/index.php\/wp-json\/wp\/v2\/types\/product"}],"version-history":[{"count":1,"href":"https:\/\/saltacom.com\/index.php\/wp-json\/wp\/v2\/product\/29265\/revisions"}],"predecessor-version":[{"id":29322,"href":"https:\/\/saltacom.com\/index.php\/wp-json\/wp\/v2\/product\/29265\/revisions\/29322"}],"wp:featuredmedia":[{"embeddable":true,"href":"https:\/\/saltacom.com\/index.php\/wp-json\/wp\/v2\/media\/29321"}],"wp:attachment":[{"href":"https:\/\/saltacom.com\/index.php\/wp-json\/wp\/v2\/media?parent=29265"}],"wp:term":[{"taxonomy":"product_brand","embeddable":true,"href":"https:\/\/saltacom.com\/index.php\/wp-json\/wp\/v2\/product_brand?post=29265"},{"taxonomy":"product_cat","embeddable":true,"href":"https:\/\/saltacom.com\/index.php\/wp-json\/wp\/v2\/product_cat?post=29265"},{"taxonomy":"product_tag","embeddable":true,"href":"https:\/\/saltacom.com\/index.php\/wp-json\/wp\/v2\/product_tag?post=29265"}],"curies":[{"name":"wp","href":"https:\/\/api.w.org\/{rel}","templated":true}]}}