{"id":29722,"date":"2025-12-10T00:54:42","date_gmt":"2025-12-10T00:54:42","guid":{"rendered":"https:\/\/precise-nickel-jaguar.179-43-112-153.cpanel.site\/?post_type=product&#038;p=29722"},"modified":"2026-04-16T21:00:42","modified_gmt":"2026-04-17T00:00:42","slug":"placa-red-tp-link-tx401-10-gigabit-pci-e","status":"publish","type":"product","link":"https:\/\/saltacom.com\/index.php\/producto\/placa-red-tp-link-tx401-10-gigabit-pci-e\/","title":{"rendered":"PLACA RED TP-LINK TX401 &#8211; 10 GIGABIT PCI-E"},"content":{"rendered":"<pre>CARACTER\u00cdSTICAS DE HARDWARE\r\n\r\nEst\u00e1ndares y Protocolos IEEE 802.3, IEEE 802.3u, IEEE 802.3ab, IEEE 802.3bz, IEEE802.3an,\r\nIEEE802.3az, IEEE 802.3x\r\nInterface 1\u00d7 PCI Express 3.0 x4, 1\u00d7 RJ45 Gigabit\/Megabit Port\r\nMedios de red 10GBASE-T\/5GBASE-T\/2.5GBASE-T\/1000BASE-T\/100BASE-TX\r\nLED 10 Gbps Link\/Act, 5 \/ 2.5 \/ 1 Gbps and 100 Mbps Link\/Act\r\nTasas de transferencia de datos 100 Mbps, 1 Gbps, 2.5 Gbps, 5 Gbps, 10 Gbps for Half-Duplex mode,\r\n200 Mbps, 2 Gbps, 5 Gbps, 10 Gbps, 20 Gbps for Full-Duplex mode\r\nDimensiones (An x Pr x Al) 120.8 \u00d7 98.2 \u00d7 21.5 mm (4.8 \u00d7 3.9 \u00d7 0.8 in)\r\nControl de Flujo 802.3x\r\n\r\nOTROS\r\n\r\nCertificaci\u00f3n FCC, CE, RoHS\r\ncontenidos del paquete 10 Gigabit PCIe Network Adapter (TX401)\r\nStandard\/Low-Profile Brackets\r\nQuick Installation Guide\r\nResource CD\r\n1.5 m CAT6A Ethernet Cable\r\nRequisitos del sistema Windows 10\/8.1\/8\/7, Windows Servers 2019\/2016\/\r\n2012 R2, Linux\r\nAmbiente Operating Temperature: 0\u2103~40\u2103 (32\u2109 ~104\u2109)\r\nOperating Humidity: 10%~90% non-condensing\r\nStorage Humidity: 5%~90% non-condensing<\/pre>\n","protected":false},"excerpt":{"rendered":"<p>CARACTER\u00cdSTICAS DE HARDWARE Est\u00e1ndares y Protocolos IEEE 802.3, IEEE 802.3u, IEEE 802.3ab, IEEE 802.3bz, IEEE802.3an, IEEE802.3az, IEEE 802.3x Interface 1\u00d7<\/p>\n","protected":false},"featured_media":29799,"template":"","meta":[],"product_brand":[],"product_cat":[117],"product_tag":[],"class_list":{"0":"post-29722","1":"product","2":"type-product","3":"status-publish","4":"has-post-thumbnail","6":"product_cat-placa-de-red","8":"first","9":"outofstock","10":"shipping-taxable","11":"purchasable","12":"product-type-simple"},"_links":{"self":[{"href":"https:\/\/saltacom.com\/index.php\/wp-json\/wp\/v2\/product\/29722","targetHints":{"allow":["GET"]}}],"collection":[{"href":"https:\/\/saltacom.com\/index.php\/wp-json\/wp\/v2\/product"}],"about":[{"href":"https:\/\/saltacom.com\/index.php\/wp-json\/wp\/v2\/types\/product"}],"version-history":[{"count":1,"href":"https:\/\/saltacom.com\/index.php\/wp-json\/wp\/v2\/product\/29722\/revisions"}],"predecessor-version":[{"id":29800,"href":"https:\/\/saltacom.com\/index.php\/wp-json\/wp\/v2\/product\/29722\/revisions\/29800"}],"wp:featuredmedia":[{"embeddable":true,"href":"https:\/\/saltacom.com\/index.php\/wp-json\/wp\/v2\/media\/29799"}],"wp:attachment":[{"href":"https:\/\/saltacom.com\/index.php\/wp-json\/wp\/v2\/media?parent=29722"}],"wp:term":[{"taxonomy":"product_brand","embeddable":true,"href":"https:\/\/saltacom.com\/index.php\/wp-json\/wp\/v2\/product_brand?post=29722"},{"taxonomy":"product_cat","embeddable":true,"href":"https:\/\/saltacom.com\/index.php\/wp-json\/wp\/v2\/product_cat?post=29722"},{"taxonomy":"product_tag","embeddable":true,"href":"https:\/\/saltacom.com\/index.php\/wp-json\/wp\/v2\/product_tag?post=29722"}],"curies":[{"name":"wp","href":"https:\/\/api.w.org\/{rel}","templated":true}]}}