{"id":29725,"date":"2025-12-10T00:54:43","date_gmt":"2025-12-10T00:54:43","guid":{"rendered":"https:\/\/precise-nickel-jaguar.179-43-112-153.cpanel.site\/?post_type=product&#038;p=29725"},"modified":"2026-04-16T17:30:53","modified_gmt":"2026-04-16T20:30:53","slug":"playstation-5-joystick-dualsense-white-ps5","status":"publish","type":"product","link":"https:\/\/saltacom.com\/index.php\/producto\/playstation-5-joystick-dualsense-white-ps5\/","title":{"rendered":"PLAYSTATION 5 JOYSTICK DUALSENSE WHITE PS5"},"content":{"rendered":"<pre>Descubre una experiencia de juego m\u00e1s profunda y envolvente* que hace que la acci\u00f3n cobre vida en las palmas de tus manos. El control inal\u00e1mbrico DualSense \u2122 ofrece retroalimentaci\u00f3n h\u00e1ptica inmersiva**, gatillos adaptativos din\u00e1micos** y un micr\u00f3fono incorporado, todo integrado en un dise\u00f1o ic\u00f3nico y c\u00f3modo.\r\n\r\nIMPORTANTE\u00a0 \u00a0*No incluye cable USB de carga.\r\n\r\nRespuesta h\u00e1ptica\r\nGatillos adaptativos\r\nSensor de movimiento<\/pre>\n","protected":false},"excerpt":{"rendered":"<p>Descubre una experiencia de juego m\u00e1s profunda y envolvente* que hace que la acci\u00f3n cobre vida en las palmas de<\/p>\n","protected":false},"featured_media":29804,"template":"","meta":[],"product_brand":[],"product_cat":[102],"product_tag":[],"class_list":{"0":"post-29725","1":"product","2":"type-product","3":"status-publish","4":"has-post-thumbnail","6":"product_cat-joystick","8":"first","9":"outofstock","10":"shipping-taxable","11":"purchasable","12":"product-type-simple"},"_links":{"self":[{"href":"https:\/\/saltacom.com\/index.php\/wp-json\/wp\/v2\/product\/29725","targetHints":{"allow":["GET"]}}],"collection":[{"href":"https:\/\/saltacom.com\/index.php\/wp-json\/wp\/v2\/product"}],"about":[{"href":"https:\/\/saltacom.com\/index.php\/wp-json\/wp\/v2\/types\/product"}],"version-history":[{"count":1,"href":"https:\/\/saltacom.com\/index.php\/wp-json\/wp\/v2\/product\/29725\/revisions"}],"predecessor-version":[{"id":29805,"href":"https:\/\/saltacom.com\/index.php\/wp-json\/wp\/v2\/product\/29725\/revisions\/29805"}],"wp:featuredmedia":[{"embeddable":true,"href":"https:\/\/saltacom.com\/index.php\/wp-json\/wp\/v2\/media\/29804"}],"wp:attachment":[{"href":"https:\/\/saltacom.com\/index.php\/wp-json\/wp\/v2\/media?parent=29725"}],"wp:term":[{"taxonomy":"product_brand","embeddable":true,"href":"https:\/\/saltacom.com\/index.php\/wp-json\/wp\/v2\/product_brand?post=29725"},{"taxonomy":"product_cat","embeddable":true,"href":"https:\/\/saltacom.com\/index.php\/wp-json\/wp\/v2\/product_cat?post=29725"},{"taxonomy":"product_tag","embeddable":true,"href":"https:\/\/saltacom.com\/index.php\/wp-json\/wp\/v2\/product_tag?post=29725"}],"curies":[{"name":"wp","href":"https:\/\/api.w.org\/{rel}","templated":true}]}}