{"id":32722,"date":"2026-02-14T21:41:49","date_gmt":"2026-02-15T00:41:49","guid":{"rendered":"https:\/\/saltacom.com\/index.php\/producto\/auricular-jbl-wave-beam-2-tws-anc-negro-5250\/"},"modified":"2026-04-07T05:19:16","modified_gmt":"2026-04-07T08:19:16","slug":"auricular-jbl-wave-beam-2-tws-anc-negro-5250","status":"publish","type":"product","link":"https:\/\/saltacom.com\/index.php\/producto\/auricular-jbl-wave-beam-2-tws-anc-negro-5250\/","title":{"rendered":"AURICULAR JBL WAVE BEAM 2 TWS ANC NEGRO (5250)"},"content":{"rendered":"<p>Auriculares True Wireless con cancelaci\u00f3n de ruido, sonido JBL Pure Bass y tecnolog\u00eda Smart Ambient.<br \/>\nM\u00e1s informaci\u00f3n:\u00a0JBLWBEAM2BLK<\/p>\n","protected":false},"excerpt":{"rendered":"<p>Auriculares True Wireless con cancelaci\u00f3n de ruido, sonido JBL Pure Bass y tecnolog\u00eda Smart Ambient. M\u00e1s informaci\u00f3n:\u00a0JBLWBEAM2BLK<\/p>\n","protected":false},"featured_media":32723,"template":"","meta":[],"product_brand":[],"product_cat":[81,130],"product_tag":[],"class_list":{"0":"post-32722","1":"product","2":"type-product","3":"status-publish","4":"has-post-thumbnail","6":"product_cat-auricular","7":"product_cat-pv","9":"first","10":"instock","11":"shipping-taxable","12":"purchasable","13":"product-type-simple"},"_links":{"self":[{"href":"https:\/\/saltacom.com\/index.php\/wp-json\/wp\/v2\/product\/32722","targetHints":{"allow":["GET"]}}],"collection":[{"href":"https:\/\/saltacom.com\/index.php\/wp-json\/wp\/v2\/product"}],"about":[{"href":"https:\/\/saltacom.com\/index.php\/wp-json\/wp\/v2\/types\/product"}],"version-history":[{"count":1,"href":"https:\/\/saltacom.com\/index.php\/wp-json\/wp\/v2\/product\/32722\/revisions"}],"predecessor-version":[{"id":32802,"href":"https:\/\/saltacom.com\/index.php\/wp-json\/wp\/v2\/product\/32722\/revisions\/32802"}],"wp:featuredmedia":[{"embeddable":true,"href":"https:\/\/saltacom.com\/index.php\/wp-json\/wp\/v2\/media\/32723"}],"wp:attachment":[{"href":"https:\/\/saltacom.com\/index.php\/wp-json\/wp\/v2\/media?parent=32722"}],"wp:term":[{"taxonomy":"product_brand","embeddable":true,"href":"https:\/\/saltacom.com\/index.php\/wp-json\/wp\/v2\/product_brand?post=32722"},{"taxonomy":"product_cat","embeddable":true,"href":"https:\/\/saltacom.com\/index.php\/wp-json\/wp\/v2\/product_cat?post=32722"},{"taxonomy":"product_tag","embeddable":true,"href":"https:\/\/saltacom.com\/index.php\/wp-json\/wp\/v2\/product_tag?post=32722"}],"curies":[{"name":"wp","href":"https:\/\/api.w.org\/{rel}","templated":true}]}}