{"id":32737,"date":"2026-02-15T10:50:39","date_gmt":"2026-02-15T13:50:39","guid":{"rendered":"https:\/\/saltacom.com\/index.php\/producto\/vga-gigabyte-radeon-rx-7600-gaming-oc-8g-3425\/"},"modified":"2026-04-05T17:19:28","modified_gmt":"2026-04-05T20:19:28","slug":"vga-gigabyte-radeon-rx-7600-gaming-oc-8g-3425","status":"publish","type":"product","link":"https:\/\/saltacom.com\/index.php\/producto\/vga-gigabyte-radeon-rx-7600-gaming-oc-8g-3425\/","title":{"rendered":"VGA Gigabyte Radeon RX 7600 GAMING OC 8G (3425)"},"content":{"rendered":"<p>Desarrollado por Radeon&trade; RX 7600<\/p>\n<p>Integrado con interfaz de memoria de 8 GB GDDR6 de 128 bits<\/p>\n<p>Sistema de refrigeraci\u00f3n WINDFORCE<\/p>\n<p>Fusi\u00f3n RGB<\/p>\n<p>M\u00e1s informaci\u00f3n:\u00a0GV-R76GAMING OC-8GD<\/p>\n","protected":false},"excerpt":{"rendered":"<p>Desarrollado por Radeon&trade; RX 7600 Integrado con interfaz de memoria de 8 GB GDDR6 de 128 bits Sistema de refrigeraci\u00f3n WINDFORCE Fusi\u00f3n RGB M\u00e1s informaci\u00f3n:\u00a0GV-R76GAMING OC-8GD<\/p>\n","protected":false},"featured_media":32738,"template":"","meta":[],"product_brand":[],"product_cat":[126,130],"product_tag":[],"class_list":{"0":"post-32737","1":"product","2":"type-product","3":"status-publish","4":"has-post-thumbnail","6":"product_cat-placa-de-video","7":"product_cat-pv","9":"first","10":"instock","11":"shipping-taxable","12":"purchasable","13":"product-type-simple"},"_links":{"self":[{"href":"https:\/\/saltacom.com\/index.php\/wp-json\/wp\/v2\/product\/32737","targetHints":{"allow":["GET"]}}],"collection":[{"href":"https:\/\/saltacom.com\/index.php\/wp-json\/wp\/v2\/product"}],"about":[{"href":"https:\/\/saltacom.com\/index.php\/wp-json\/wp\/v2\/types\/product"}],"version-history":[{"count":1,"href":"https:\/\/saltacom.com\/index.php\/wp-json\/wp\/v2\/product\/32737\/revisions"}],"predecessor-version":[{"id":32809,"href":"https:\/\/saltacom.com\/index.php\/wp-json\/wp\/v2\/product\/32737\/revisions\/32809"}],"wp:featuredmedia":[{"embeddable":true,"href":"https:\/\/saltacom.com\/index.php\/wp-json\/wp\/v2\/media\/32738"}],"wp:attachment":[{"href":"https:\/\/saltacom.com\/index.php\/wp-json\/wp\/v2\/media?parent=32737"}],"wp:term":[{"taxonomy":"product_brand","embeddable":true,"href":"https:\/\/saltacom.com\/index.php\/wp-json\/wp\/v2\/product_brand?post=32737"},{"taxonomy":"product_cat","embeddable":true,"href":"https:\/\/saltacom.com\/index.php\/wp-json\/wp\/v2\/product_cat?post=32737"},{"taxonomy":"product_tag","embeddable":true,"href":"https:\/\/saltacom.com\/index.php\/wp-json\/wp\/v2\/product_tag?post=32737"}],"curies":[{"name":"wp","href":"https:\/\/api.w.org\/{rel}","templated":true}]}}