{"id":32797,"date":"2026-02-15T10:52:06","date_gmt":"2026-02-15T13:52:06","guid":{"rendered":"https:\/\/saltacom.com\/index.php\/producto\/water-cooling-corsair-icue-link-titan-360-rx-rgb-3x-cpu-cooler-360mm-black-5432\/"},"modified":"2026-04-07T09:19:34","modified_gmt":"2026-04-07T12:19:34","slug":"water-cooling-corsair-icue-link-titan-360-rx-rgb-3x-cpu-cooler-360mm-black-5432","status":"publish","type":"product","link":"https:\/\/saltacom.com\/index.php\/producto\/water-cooling-corsair-icue-link-titan-360-rx-rgb-3x-cpu-cooler-360mm-black-5432\/","title":{"rendered":"Water Cooling Corsair iCUE LINK TITAN 360 RX RGB 3x CPU Cooler 360mm Black (5432)"},"content":{"rendered":"<p>Ofrece una refrigeraci\u00f3n ultrasilenciosa de alto rendimiento con rendimiento t\u00e9rmico y conectividad iCUE LINK optimizados, adem\u00e1s de iluminaci\u00f3n RGB din\u00e1mica.<br \/>\nM\u00e1s informaci\u00f3n:\u00a0CW-9061018-WW<\/p>\n","protected":false},"excerpt":{"rendered":"<p>Ofrece una refrigeraci\u00f3n ultrasilenciosa de alto rendimiento con rendimiento t\u00e9rmico y conectividad iCUE LINK optimizados, adem\u00e1s de iluminaci\u00f3n RGB din\u00e1mica. M\u00e1s informaci\u00f3n:\u00a0CW-9061018-WW<\/p>\n","protected":false},"featured_media":32798,"template":"","meta":[],"product_brand":[],"product_cat":[91,130,141],"product_tag":[],"class_list":{"0":"post-32797","1":"product","2":"type-product","3":"status-publish","4":"has-post-thumbnail","6":"product_cat-cooler","7":"product_cat-pv","8":"product_cat-refrigeracion-liquida","10":"first","11":"instock","12":"shipping-taxable","13":"purchasable","14":"product-type-simple"},"_links":{"self":[{"href":"https:\/\/saltacom.com\/index.php\/wp-json\/wp\/v2\/product\/32797","targetHints":{"allow":["GET"]}}],"collection":[{"href":"https:\/\/saltacom.com\/index.php\/wp-json\/wp\/v2\/product"}],"about":[{"href":"https:\/\/saltacom.com\/index.php\/wp-json\/wp\/v2\/types\/product"}],"version-history":[{"count":1,"href":"https:\/\/saltacom.com\/index.php\/wp-json\/wp\/v2\/product\/32797\/revisions"}],"predecessor-version":[{"id":32845,"href":"https:\/\/saltacom.com\/index.php\/wp-json\/wp\/v2\/product\/32797\/revisions\/32845"}],"wp:featuredmedia":[{"embeddable":true,"href":"https:\/\/saltacom.com\/index.php\/wp-json\/wp\/v2\/media\/32798"}],"wp:attachment":[{"href":"https:\/\/saltacom.com\/index.php\/wp-json\/wp\/v2\/media?parent=32797"}],"wp:term":[{"taxonomy":"product_brand","embeddable":true,"href":"https:\/\/saltacom.com\/index.php\/wp-json\/wp\/v2\/product_brand?post=32797"},{"taxonomy":"product_cat","embeddable":true,"href":"https:\/\/saltacom.com\/index.php\/wp-json\/wp\/v2\/product_cat?post=32797"},{"taxonomy":"product_tag","embeddable":true,"href":"https:\/\/saltacom.com\/index.php\/wp-json\/wp\/v2\/product_tag?post=32797"}],"curies":[{"name":"wp","href":"https:\/\/api.w.org\/{rel}","templated":true}]}}