{"id":34205,"date":"2026-04-04T19:14:35","date_gmt":"2026-04-04T22:14:35","guid":{"rendered":"https:\/\/saltacom.com\/index.php\/producto\/gab-gamemax-quest-1fan-e-atx\/"},"modified":"2026-04-08T07:06:31","modified_gmt":"2026-04-08T10:06:31","slug":"gab-gamemax-quest-1fan-e-atx","status":"publish","type":"product","link":"https:\/\/saltacom.com\/index.php\/producto\/gab-gamemax-quest-1fan-e-atx\/","title":{"rendered":"GAB GAMEMAX QUEST 1*FAN E-ATX"},"content":{"rendered":"<p>Caja para juegos GAMEMAX Quest E-ATX PC, 1 ventilador negro de 120 mm preinstalado, soporte de radiador superior y frontal de 360 mm, vidrio templado lateral y panel frontal de metal sucio, puerto USB3.2 Gen2 2&#215;2 tipo C u00a1Listo!rnu2022Diseu00f1o avanzado: cuenta con un panel frontal de vidrio templado de cuatro milu00edmetros para mejorar la visibilidad de la iluminaciu00f3n ARGB y una apariencia elegante.rnu2022Eficiencia de enfriamiento: viene con un ventilador negro preinstalado de 120 mm y admite hasta ocho ventiladores adicionales (frontal, superior, cubierta de la fuente de alimentaciu00f3n)rnu2022Tambiu00e9n admite radiadores superiores y frontales de 360 mm para un rendimiento de refrigeraciu00f3n de primer nivel.rnu2022Flujo de aire mejorado: las salidas de aire en los lados del panel frontal promueven un flujo de aire u00f3ptimo.rnu2022Compatibilidad interna: admite placas base E-ATX, GPU de hasta 410 mm y refrigeradores de CPU de hasta 165 mmrnu2022Incluye siete ranuras de expansiu00f3n PCIe y cinco bahu00edas para discos duros.rnu2022Cubierta de fuente de alimentaciu00f3n de longitud completa: permite una fuente de alimentaciu00f3n de 265 mm, ocultando los cables para una construcciu00f3n mu00e1s limpia.rnrnEspecificacionesrn- Factor de forma M\/B: E-ATX?ATX?M-ATX?ITXrn- Chasis: Negro, 0.6mm acerorn- Panel Frontal: Cubierta de metalrn- Panel Lateral: Vidrio templado con puerta deslizante de fu00e1cil aperturarn- Puertos:rn  1x USB 3.0rn  1x USB 2.0rn  1x Tipo-C Gen2rn  Audio comborn- Ventiladores: 1x 120mm negro (GMX-WFBK)rn- Soporte para refrigeraciu00f3n lu00edquida: Superior\/frontal 360WCrn- Bahu00edas internas: 2 x 3.5 (disco duro) y 3 x 2.5 (SSD)rn- Dimensiones: (L) 415 * (W) 210 * (H) 470 mmrn- Longitud de la tarjeta VGA: Hasta 410 mm (cubierta frontal sin ventilador)rn- Altura del enfriador de CPU: 165 milu00edmetrosrn- Longitud SPS: Hasta 265 mm (cubierta frontal sin refrigeraciu00f3n por agua)<\/p>\n","protected":false},"excerpt":{"rendered":"<p>inCaja para juegos GAMEMAX Quest E-ATX PC, 1 ventilador negro de 120 mm preinstalado, soporte de radiador superior y frontal de 360 mm, vidrio templado lateral y panel frontal de metal sucio, puerto USB3.2 Gen2 2&#215;2 tipo C \u00a1Listo!Dise\u00f1o avanzado: cuenta con un panel frontal de vidrio templado de cuatro mil\u00edmetros para mejorar la visibilidad de la iluminaci\u00f3n ARGB y una apariencia elegante.Eficiencia de enfriamiento: viene con un ventilador negro preinstalado de 120 mm y admite hasta ocho ventiladores adicionales (frontal, superior, cubierta de la fuente de alimentaci\u00f3n)Tambi\u00e9n admite radiadores superiores y frontales de 360 mm para un rendimiento de refrigeraci\u00f3n de primer nivel.Flujo de aire mejorado: las salidas de aire en los lados del panel frontal promueven un flujo de aire \u00f3ptimo.Compatibilidad interna: admite placas base E-ATX, GPU de hasta 410 mm y refrigeradores de CPU de hasta 165 mmIncluye siete ranuras de expansi\u00f3n PCIe y cinco bah\u00edas para discos duros.Cubierta de fuente de alimentaci\u00f3n de longitud completa: permite una fuente de alimentaci\u00f3n de 265 mm, ocultando los cables para una construcci\u00f3n m\u00e1s limpia.EspecificacionesFactor de forma M\/B: E-ATX?ATX?M-ATX?ITXChasis: Negro, 0.6mm aceroPanel Frontal: Cubierta de metalPanel Lateral: Vidrio templado con puerta deslizante de f\u00e1cil aperturaPuertos:1x USB 3.01x USB 2.01x Tipo-C Gen2Audio comboVentiladores: 1x 120mm negro (GMX-WFBK)Soporte para refrigeraci\u00f3n l\u00edquida: Superior\/frontal 360WCBah\u00edas internas: 2 x 3.5 (disco duro) y 3 x 2.5 (SSD)Dimensiones: (L) 415 * (W) 210 * (H) 470 mmLongitud de la tarjeta VGA: Hasta 410 mm (cubierta frontal sin ventilador)Altura del enfriador de CPU: 165 mil\u00edmetrosLongitud SPS: Hasta 265 mm (cubierta frontal sin refrigeraci\u00f3n por agua)in<\/p>\n","protected":false},"featured_media":34208,"template":"","meta":[],"product_brand":[],"product_cat":[127,100],"product_tag":[],"class_list":{"0":"post-34205","1":"product","2":"type-product","3":"status-publish","4":"has-post-thumbnail","6":"product_cat-ar","7":"product_cat-gabinete","9":"first","10":"instock","11":"shipping-taxable","12":"purchasable","13":"product-type-simple"},"_links":{"self":[{"href":"https:\/\/saltacom.com\/index.php\/wp-json\/wp\/v2\/product\/34205","targetHints":{"allow":["GET"]}}],"collection":[{"href":"https:\/\/saltacom.com\/index.php\/wp-json\/wp\/v2\/product"}],"about":[{"href":"https:\/\/saltacom.com\/index.php\/wp-json\/wp\/v2\/types\/product"}],"version-history":[{"count":2,"href":"https:\/\/saltacom.com\/index.php\/wp-json\/wp\/v2\/product\/34205\/revisions"}],"predecessor-version":[{"id":34207,"href":"https:\/\/saltacom.com\/index.php\/wp-json\/wp\/v2\/product\/34205\/revisions\/34207"}],"wp:featuredmedia":[{"embeddable":true,"href":"https:\/\/saltacom.com\/index.php\/wp-json\/wp\/v2\/media\/34208"}],"wp:attachment":[{"href":"https:\/\/saltacom.com\/index.php\/wp-json\/wp\/v2\/media?parent=34205"}],"wp:term":[{"taxonomy":"product_brand","embeddable":true,"href":"https:\/\/saltacom.com\/index.php\/wp-json\/wp\/v2\/product_brand?post=34205"},{"taxonomy":"product_cat","embeddable":true,"href":"https:\/\/saltacom.com\/index.php\/wp-json\/wp\/v2\/product_cat?post=34205"},{"taxonomy":"product_tag","embeddable":true,"href":"https:\/\/saltacom.com\/index.php\/wp-json\/wp\/v2\/product_tag?post=34205"}],"curies":[{"name":"wp","href":"https:\/\/api.w.org\/{rel}","templated":true}]}}