{"id":34462,"date":"2026-04-04T19:32:19","date_gmt":"2026-04-04T22:32:19","guid":{"rendered":"https:\/\/saltacom.com\/index.php\/producto\/ddr4-8gb-adata-3200mhz\/"},"modified":"2026-04-07T08:06:40","modified_gmt":"2026-04-07T11:06:40","slug":"ddr4-8gb-adata-3200mhz","status":"publish","type":"product","link":"https:\/\/saltacom.com\/index.php\/producto\/ddr4-8gb-adata-3200mhz\/","title":{"rendered":"DDR4 8GB ADATA 3200MHZ"},"content":{"rendered":"","protected":false},"excerpt":{"rendered":"<p>Capacidad total:8 GBCondici\u00f3n del \u00edtem:NuevoEs apto para env\u00edo:S\u00edFormato:DDR4Marca:AdataModelo:AD4U32008G22-SGNSKU:210355Velocidad:3200 MHzVoltaje de alimentaci\u00f3n:220 V<\/p>\n","protected":false},"featured_media":34464,"template":"","meta":[],"product_brand":[],"product_cat":[127,104],"product_tag":[],"class_list":{"0":"post-34462","1":"product","2":"type-product","3":"status-publish","4":"has-post-thumbnail","6":"product_cat-ar","7":"product_cat-memoria-pc","9":"first","10":"instock","11":"shipping-taxable","12":"purchasable","13":"product-type-simple"},"_links":{"self":[{"href":"https:\/\/saltacom.com\/index.php\/wp-json\/wp\/v2\/product\/34462","targetHints":{"allow":["GET"]}}],"collection":[{"href":"https:\/\/saltacom.com\/index.php\/wp-json\/wp\/v2\/product"}],"about":[{"href":"https:\/\/saltacom.com\/index.php\/wp-json\/wp\/v2\/types\/product"}],"version-history":[{"count":1,"href":"https:\/\/saltacom.com\/index.php\/wp-json\/wp\/v2\/product\/34462\/revisions"}],"predecessor-version":[{"id":34463,"href":"https:\/\/saltacom.com\/index.php\/wp-json\/wp\/v2\/product\/34462\/revisions\/34463"}],"wp:featuredmedia":[{"embeddable":true,"href":"https:\/\/saltacom.com\/index.php\/wp-json\/wp\/v2\/media\/34464"}],"wp:attachment":[{"href":"https:\/\/saltacom.com\/index.php\/wp-json\/wp\/v2\/media?parent=34462"}],"wp:term":[{"taxonomy":"product_brand","embeddable":true,"href":"https:\/\/saltacom.com\/index.php\/wp-json\/wp\/v2\/product_brand?post=34462"},{"taxonomy":"product_cat","embeddable":true,"href":"https:\/\/saltacom.com\/index.php\/wp-json\/wp\/v2\/product_cat?post=34462"},{"taxonomy":"product_tag","embeddable":true,"href":"https:\/\/saltacom.com\/index.php\/wp-json\/wp\/v2\/product_tag?post=34462"}],"curies":[{"name":"wp","href":"https:\/\/api.w.org\/{rel}","templated":true}]}}