{"id":34643,"date":"2026-04-05T10:35:43","date_gmt":"2026-04-05T13:35:43","guid":{"rendered":"https:\/\/saltacom.com\/index.php\/producto\/switch-mikrotik-112-8p-4s-in-8p-gb-poe-4sfp-f-i-sin-int\/"},"modified":"2026-04-06T01:15:27","modified_gmt":"2026-04-06T04:15:27","slug":"switch-mikrotik-112-8p-4s-in-8p-gb-poe-4sfp-f-i-sin-int","status":"publish","type":"product","link":"https:\/\/saltacom.com\/index.php\/producto\/switch-mikrotik-112-8p-4s-in-8p-gb-poe-4sfp-f-i-sin-int\/","title":{"rendered":"SWITCH MIKROTIK 112-8P-4S-IN 8P GB POE +4SFP F\/I SIN INT"},"content":{"rendered":"<p>CRS112-8P-4S-IN es un conmutador PoE de ocho puertos Gigabit RJ45 que ofrece diferentes opciones de salida de energ\u00eda: detecci\u00f3n autom\u00e1tica 802.3af\/at PoE\/PoE+ y PoE pasivo, y cuatro puertos SFP brindan opciones de conectividad de fibra \u00f3ptica para admitir enlaces ascendentes de hasta 1 Gbps.CRS112-8P-4S-IN est\u00e1 equipado con 12 puertos de conmutaci\u00f3n independientes. En la caja ya se incluye fuente de alimentaci\u00f3n de 28 V 3,4 A. Hay un conector de CC secundario en la parte posterior del gabinete que admite una fuente de alimentaci\u00f3n de 48-57 V (no incluida, se puede comprar por separado; c\u00f3digos de producto 48POW (1,46 A 70 W) y 48V2A96W (2 A 96 W)). CRS112-8P-4S-IN puede alimentar dispositivos 802.3af\/at si se utiliza una entrada de 48-57 V CC (la unidad detectar\u00e1 autom\u00e1ticamente y proporcionar\u00e1 la alimentaci\u00f3n correcta a los dispositivos). La corriente m\u00e1xima es 1 A por puerto si el voltaje de entrada es de 18 a 28 V, 450 mA si es de 48 a 57 V. El l\u00edmite total es 2,8 A a 24 V y 1,4 A a 48 a 57 V. PoE-Out se pasa a trav\u00e9s del modo B 4,5 (+) y 7,8 (-) pinesCAJA X 10u<\/p>\n","protected":false},"excerpt":{"rendered":"<p><strong>Marca:<\/strong> MIKROTIK<\/p>\n","protected":false},"featured_media":34644,"template":"","meta":[],"product_brand":[],"product_cat":[155,159],"product_tag":[],"class_list":{"0":"post-34643","1":"product","2":"type-product","3":"status-publish","4":"has-post-thumbnail","6":"product_cat-msn","7":"product_cat-mikrotik","9":"first","10":"onbackorder","11":"shipping-taxable","12":"purchasable","13":"product-type-simple"},"_links":{"self":[{"href":"https:\/\/saltacom.com\/index.php\/wp-json\/wp\/v2\/product\/34643","targetHints":{"allow":["GET"]}}],"collection":[{"href":"https:\/\/saltacom.com\/index.php\/wp-json\/wp\/v2\/product"}],"about":[{"href":"https:\/\/saltacom.com\/index.php\/wp-json\/wp\/v2\/types\/product"}],"version-history":[{"count":0,"href":"https:\/\/saltacom.com\/index.php\/wp-json\/wp\/v2\/product\/34643\/revisions"}],"wp:featuredmedia":[{"embeddable":true,"href":"https:\/\/saltacom.com\/index.php\/wp-json\/wp\/v2\/media\/34644"}],"wp:attachment":[{"href":"https:\/\/saltacom.com\/index.php\/wp-json\/wp\/v2\/media?parent=34643"}],"wp:term":[{"taxonomy":"product_brand","embeddable":true,"href":"https:\/\/saltacom.com\/index.php\/wp-json\/wp\/v2\/product_brand?post=34643"},{"taxonomy":"product_cat","embeddable":true,"href":"https:\/\/saltacom.com\/index.php\/wp-json\/wp\/v2\/product_cat?post=34643"},{"taxonomy":"product_tag","embeddable":true,"href":"https:\/\/saltacom.com\/index.php\/wp-json\/wp\/v2\/product_tag?post=34643"}],"curies":[{"name":"wp","href":"https:\/\/api.w.org\/{rel}","templated":true}]}}