{"id":34696,"date":"2026-04-05T10:36:42","date_gmt":"2026-04-05T13:36:42","guid":{"rendered":"https:\/\/saltacom.com\/index.php\/producto\/rb-mikrotik-951ui-2hnd-5eth-wifi-1watt-lvl4-s-f\/"},"modified":"2026-04-07T01:15:30","modified_gmt":"2026-04-07T04:15:30","slug":"rb-mikrotik-951ui-2hnd-5eth-wifi-1watt-lvl4-s-f","status":"publish","type":"product","link":"https:\/\/saltacom.com\/index.php\/producto\/rb-mikrotik-951ui-2hnd-5eth-wifi-1watt-lvl4-s-f\/","title":{"rendered":"RB MIKROTIK 951UI-2HND 5ETH WIFI 1WATT LVL4      S\/F"},"content":{"rendered":"<p>El RB951Ui-2HnD es un AP SOHO inal\u00e1mbrico con una CPU Atheros de nueva generaci\u00f3n y m\u00e1s potencia de procesamiento. Tiene cinco puertos Ethernet, un puerto USB 2.0 y un punto de acceso inal\u00e1mbrico 802.11b\/g\/n de 2,4 GHz de alta potencia con antenas integradas.Tiene una CPU de 600 MHz, 128 MB de RAM y funci\u00f3n de salida PoE para el puerto n. otros dispositivos compatibles con PoE con el mismo voltaje que se aplica a la unidad. La carga m\u00e1xima en el puerto es de 500 mA.El paquete contiene RouterBOARD 951Ui-2HnD en una caja de pl\u00e1stico y adaptador de corriente.<\/p>\n","protected":false},"excerpt":{"rendered":"<p><strong>Marca:<\/strong> MIKROTIK<\/p>\n","protected":false},"featured_media":34697,"template":"","meta":[],"product_brand":[],"product_cat":[155,159],"product_tag":[],"class_list":{"0":"post-34696","1":"product","2":"type-product","3":"status-publish","4":"has-post-thumbnail","6":"product_cat-msn","7":"product_cat-mikrotik","9":"first","10":"onbackorder","11":"shipping-taxable","12":"purchasable","13":"product-type-simple"},"_links":{"self":[{"href":"https:\/\/saltacom.com\/index.php\/wp-json\/wp\/v2\/product\/34696","targetHints":{"allow":["GET"]}}],"collection":[{"href":"https:\/\/saltacom.com\/index.php\/wp-json\/wp\/v2\/product"}],"about":[{"href":"https:\/\/saltacom.com\/index.php\/wp-json\/wp\/v2\/types\/product"}],"version-history":[{"count":0,"href":"https:\/\/saltacom.com\/index.php\/wp-json\/wp\/v2\/product\/34696\/revisions"}],"wp:featuredmedia":[{"embeddable":true,"href":"https:\/\/saltacom.com\/index.php\/wp-json\/wp\/v2\/media\/34697"}],"wp:attachment":[{"href":"https:\/\/saltacom.com\/index.php\/wp-json\/wp\/v2\/media?parent=34696"}],"wp:term":[{"taxonomy":"product_brand","embeddable":true,"href":"https:\/\/saltacom.com\/index.php\/wp-json\/wp\/v2\/product_brand?post=34696"},{"taxonomy":"product_cat","embeddable":true,"href":"https:\/\/saltacom.com\/index.php\/wp-json\/wp\/v2\/product_cat?post=34696"},{"taxonomy":"product_tag","embeddable":true,"href":"https:\/\/saltacom.com\/index.php\/wp-json\/wp\/v2\/product_tag?post=34696"}],"curies":[{"name":"wp","href":"https:\/\/api.w.org\/{rel}","templated":true}]}}