{"id":34704,"date":"2026-04-05T10:36:48","date_gmt":"2026-04-05T13:36:48","guid":{"rendered":"https:\/\/saltacom.com\/index.php\/producto\/rb-mikrotik-962uigs-5hact2hnt-hap-ac-wifi-1sfp-s-f\/"},"modified":"2026-04-06T01:15:28","modified_gmt":"2026-04-06T04:15:28","slug":"rb-mikrotik-962uigs-5hact2hnt-hap-ac-wifi-1sfp-s-f","status":"publish","type":"product","link":"https:\/\/saltacom.com\/index.php\/producto\/rb-mikrotik-962uigs-5hact2hnt-hap-ac-wifi-1sfp-s-f\/","title":{"rendered":"RB MIKROTIK 962UiGS-5HacT2HnT HAP AC WIFI 1SFP S\/F"},"content":{"rendered":"<p>El hAP ac es nuestro dispositivo inal\u00e1mbrico m\u00e1s universal para el hogar o la oficina. Es un dispositivo de doble banda con puertos Gigabit que permiten todas las ventajas de la velocidad de la tecnolog\u00eda 802.11ac, manteniendo la compatibilidad con dispositivos heredados en los modos 2GHz 802.11 b\/g\/n y 5GHz a\/n.Las antenas omnidireccionales permiten montar el hAP ac en cualquier ubicaci\u00f3n, y el transmisor de alta potencia garantizar\u00e1 una buena cobertura para los dispositivos m\u00f3viles en su hogar, oficina o lugar p\u00fablico.Otras caracter\u00edsticas \u00fatiles incluyen un puerto USB para conectar almacenamiento adicional o un m\u00f3dem 3G\/4G, salida PoE en el \u00faltimo puerto Ethernet, para alimentar otros dispositivos RouterBOARD sin necesidad de un adaptador de alimentaci\u00f3n adicional y una caja SFP, para conectar m\u00f3dulos de red \u00f3ptica activos o pasivos .<\/p>\n","protected":false},"excerpt":{"rendered":"<p><strong>Marca:<\/strong> MIKROTIK<\/p>\n","protected":false},"featured_media":34705,"template":"","meta":[],"product_brand":[],"product_cat":[155,159],"product_tag":[],"class_list":{"0":"post-34704","1":"product","2":"type-product","3":"status-publish","4":"has-post-thumbnail","6":"product_cat-msn","7":"product_cat-mikrotik","9":"first","10":"onbackorder","11":"shipping-taxable","12":"purchasable","13":"product-type-simple"},"_links":{"self":[{"href":"https:\/\/saltacom.com\/index.php\/wp-json\/wp\/v2\/product\/34704","targetHints":{"allow":["GET"]}}],"collection":[{"href":"https:\/\/saltacom.com\/index.php\/wp-json\/wp\/v2\/product"}],"about":[{"href":"https:\/\/saltacom.com\/index.php\/wp-json\/wp\/v2\/types\/product"}],"version-history":[{"count":0,"href":"https:\/\/saltacom.com\/index.php\/wp-json\/wp\/v2\/product\/34704\/revisions"}],"wp:featuredmedia":[{"embeddable":true,"href":"https:\/\/saltacom.com\/index.php\/wp-json\/wp\/v2\/media\/34705"}],"wp:attachment":[{"href":"https:\/\/saltacom.com\/index.php\/wp-json\/wp\/v2\/media?parent=34704"}],"wp:term":[{"taxonomy":"product_brand","embeddable":true,"href":"https:\/\/saltacom.com\/index.php\/wp-json\/wp\/v2\/product_brand?post=34704"},{"taxonomy":"product_cat","embeddable":true,"href":"https:\/\/saltacom.com\/index.php\/wp-json\/wp\/v2\/product_cat?post=34704"},{"taxonomy":"product_tag","embeddable":true,"href":"https:\/\/saltacom.com\/index.php\/wp-json\/wp\/v2\/product_tag?post=34704"}],"curies":[{"name":"wp","href":"https:\/\/api.w.org\/{rel}","templated":true}]}}