{"id":34727,"date":"2026-04-05T10:37:06","date_gmt":"2026-04-05T13:37:06","guid":{"rendered":"https:\/\/saltacom.com\/index.php\/producto\/ap-out-mikrotik-sxtsq-lite-ac-integrado-5ghz-s-f\/"},"modified":"2026-04-06T01:15:31","modified_gmt":"2026-04-06T04:15:31","slug":"ap-out-mikrotik-sxtsq-lite-ac-integrado-5ghz-s-f","status":"publish","type":"product","link":"https:\/\/saltacom.com\/index.php\/producto\/ap-out-mikrotik-sxtsq-lite-ac-integrado-5ghz-s-f\/","title":{"rendered":"AP OUT.MIKROTIK SXTSQ LITE AC INTEGRADO 5GHZ       S\/F"},"content":{"rendered":"<p>El SXTsq 5 ac es un dispositivo inal\u00e1mbrico 802.11ac de 5 Ghz para exteriores compacto y liviano con una antena integrada, perfecto para enlaces punto a punto o como unidad CPE. El dispositivo incluye un puerto Ethernet de 10\/100\/1000 Mbit para aprovechar al m\u00e1ximo las velocidades que proporciona el protocolo 802.11ac.El SXTsq 5 ac conserva una antena de 16 dBi como el SXT 5 ac, nuestro modelo anterior, pero el dise\u00f1o de la antena se ha mejorado y el tama\u00f1o f\u00edsico se ha reducido dr\u00e1sticamente: el SXTsq es dos veces m\u00e1s delgado.<\/p>\n","protected":false},"excerpt":{"rendered":"<p><strong>Marca:<\/strong> MIKROTIK<\/p>\n","protected":false},"featured_media":0,"template":"","meta":[],"product_brand":[],"product_cat":[155,159],"product_tag":[],"class_list":{"0":"post-34727","1":"product","2":"type-product","3":"status-publish","5":"product_cat-msn","6":"product_cat-mikrotik","8":"first","9":"onbackorder","10":"shipping-taxable","11":"purchasable","12":"product-type-simple"},"_links":{"self":[{"href":"https:\/\/saltacom.com\/index.php\/wp-json\/wp\/v2\/product\/34727","targetHints":{"allow":["GET"]}}],"collection":[{"href":"https:\/\/saltacom.com\/index.php\/wp-json\/wp\/v2\/product"}],"about":[{"href":"https:\/\/saltacom.com\/index.php\/wp-json\/wp\/v2\/types\/product"}],"version-history":[{"count":0,"href":"https:\/\/saltacom.com\/index.php\/wp-json\/wp\/v2\/product\/34727\/revisions"}],"wp:attachment":[{"href":"https:\/\/saltacom.com\/index.php\/wp-json\/wp\/v2\/media?parent=34727"}],"wp:term":[{"taxonomy":"product_brand","embeddable":true,"href":"https:\/\/saltacom.com\/index.php\/wp-json\/wp\/v2\/product_brand?post=34727"},{"taxonomy":"product_cat","embeddable":true,"href":"https:\/\/saltacom.com\/index.php\/wp-json\/wp\/v2\/product_cat?post=34727"},{"taxonomy":"product_tag","embeddable":true,"href":"https:\/\/saltacom.com\/index.php\/wp-json\/wp\/v2\/product_tag?post=34727"}],"curies":[{"name":"wp","href":"https:\/\/api.w.org\/{rel}","templated":true}]}}