{"id":34731,"date":"2026-04-05T10:37:32","date_gmt":"2026-04-05T13:37:32","guid":{"rendered":"https:\/\/saltacom.com\/index.php\/producto\/sfp-mikrotik-cable-de-con-directa-sfp-sfp-sfp28-1mts\/"},"modified":"2026-04-06T01:15:32","modified_gmt":"2026-04-06T04:15:32","slug":"sfp-mikrotik-cable-de-con-directa-sfp-sfp-sfp28-1mts","status":"publish","type":"product","link":"https:\/\/saltacom.com\/index.php\/producto\/sfp-mikrotik-cable-de-con-directa-sfp-sfp-sfp28-1mts\/","title":{"rendered":"SFP MIKROTIK CABLE DE CON DIRECTA SFP\/SFP+\/SFP28 1MTS"},"content":{"rendered":"<p>Cable de conexi\u00f3n directa que admite no solo SFP 1G y SFP+ 10G, sino tambi\u00e9n el est\u00e1ndar 25G SFP28.Longitud 1 metro<\/p>\n","protected":false},"excerpt":{"rendered":"<p><strong>Marca:<\/strong> MIKROTIK<\/p>\n","protected":false},"featured_media":34732,"template":"","meta":[],"product_brand":[],"product_cat":[155,165,159],"product_tag":[],"class_list":{"0":"post-34731","1":"product","2":"type-product","3":"status-publish","4":"has-post-thumbnail","6":"product_cat-msn","7":"product_cat-fibra","8":"product_cat-mikrotik","10":"first","11":"onbackorder","12":"shipping-taxable","13":"purchasable","14":"product-type-simple"},"_links":{"self":[{"href":"https:\/\/saltacom.com\/index.php\/wp-json\/wp\/v2\/product\/34731","targetHints":{"allow":["GET"]}}],"collection":[{"href":"https:\/\/saltacom.com\/index.php\/wp-json\/wp\/v2\/product"}],"about":[{"href":"https:\/\/saltacom.com\/index.php\/wp-json\/wp\/v2\/types\/product"}],"version-history":[{"count":0,"href":"https:\/\/saltacom.com\/index.php\/wp-json\/wp\/v2\/product\/34731\/revisions"}],"wp:featuredmedia":[{"embeddable":true,"href":"https:\/\/saltacom.com\/index.php\/wp-json\/wp\/v2\/media\/34732"}],"wp:attachment":[{"href":"https:\/\/saltacom.com\/index.php\/wp-json\/wp\/v2\/media?parent=34731"}],"wp:term":[{"taxonomy":"product_brand","embeddable":true,"href":"https:\/\/saltacom.com\/index.php\/wp-json\/wp\/v2\/product_brand?post=34731"},{"taxonomy":"product_cat","embeddable":true,"href":"https:\/\/saltacom.com\/index.php\/wp-json\/wp\/v2\/product_cat?post=34731"},{"taxonomy":"product_tag","embeddable":true,"href":"https:\/\/saltacom.com\/index.php\/wp-json\/wp\/v2\/product_tag?post=34731"}],"curies":[{"name":"wp","href":"https:\/\/api.w.org\/{rel}","templated":true}]}}