{"id":34746,"date":"2026-04-05T10:37:54","date_gmt":"2026-04-05T13:37:54","guid":{"rendered":"https:\/\/saltacom.com\/index.php\/producto\/placa-red-tp-link-adaptador-usb-inalamb-high-gain-ac1300\/"},"modified":"2026-04-06T01:15:34","modified_gmt":"2026-04-06T04:15:34","slug":"placa-red-tp-link-adaptador-usb-inalamb-high-gain-ac1300","status":"publish","type":"product","link":"https:\/\/saltacom.com\/index.php\/producto\/placa-red-tp-link-adaptador-usb-inalamb-high-gain-ac1300\/","title":{"rendered":"PLACA RED TP LINK ADAPTADOR USB INALAMB. HIGH GAIN AC1300"},"content":{"rendered":"<p>Wi-Fi ultrarr\u00e1pido: velocidades inal\u00e1mbricas de 1300Mbps (400Mpbs en la banda de 2.4GHz y 867Mbps en la banda de 5GHz) con soporte para el est\u00e1ndar Wi-Fi 802.11ac de pr\u00f3xima generaci\u00f3nDoble banda inal\u00e1mbrica: bandas de 2.4GHz y 5GHz para conectividad flexibleAntenas de alta ganancia: rango, calidad de se\u00f1al y rendimiento de transmisi\u00f3n mejoradosMU-MIMO: brinda una conexi\u00f3n inal\u00e1mbrica altamente eficientePuerto USB 3.0 Super Speed: velocidades de transferencia hasta 10 veces m\u00e1s r\u00e1pidas que USB 2.0Bot\u00f3n WPS: cifrado de seguridad inal\u00e1mbrico f\u00e1cil con solo presionar el bot\u00f3n WPS<\/p>\n","protected":false},"excerpt":{"rendered":"<p><strong>Marca:<\/strong> TP LINK<\/p>\n","protected":false},"featured_media":0,"template":"","meta":[],"product_brand":[],"product_cat":[155,158],"product_tag":[],"class_list":{"0":"post-34746","1":"product","2":"type-product","3":"status-publish","5":"product_cat-msn","6":"product_cat-tp-link","8":"first","9":"onbackorder","10":"shipping-taxable","11":"purchasable","12":"product-type-simple"},"_links":{"self":[{"href":"https:\/\/saltacom.com\/index.php\/wp-json\/wp\/v2\/product\/34746","targetHints":{"allow":["GET"]}}],"collection":[{"href":"https:\/\/saltacom.com\/index.php\/wp-json\/wp\/v2\/product"}],"about":[{"href":"https:\/\/saltacom.com\/index.php\/wp-json\/wp\/v2\/types\/product"}],"version-history":[{"count":0,"href":"https:\/\/saltacom.com\/index.php\/wp-json\/wp\/v2\/product\/34746\/revisions"}],"wp:attachment":[{"href":"https:\/\/saltacom.com\/index.php\/wp-json\/wp\/v2\/media?parent=34746"}],"wp:term":[{"taxonomy":"product_brand","embeddable":true,"href":"https:\/\/saltacom.com\/index.php\/wp-json\/wp\/v2\/product_brand?post=34746"},{"taxonomy":"product_cat","embeddable":true,"href":"https:\/\/saltacom.com\/index.php\/wp-json\/wp\/v2\/product_cat?post=34746"},{"taxonomy":"product_tag","embeddable":true,"href":"https:\/\/saltacom.com\/index.php\/wp-json\/wp\/v2\/product_tag?post=34746"}],"curies":[{"name":"wp","href":"https:\/\/api.w.org\/{rel}","templated":true}]}}