{"id":34753,"date":"2026-04-05T10:37:58","date_gmt":"2026-04-05T13:37:58","guid":{"rendered":"https:\/\/saltacom.com\/index.php\/producto\/placa-red-tp-link-adaptador-usb-wifi-alta-g-ax1800-2ant\/"},"modified":"2026-04-06T01:15:34","modified_gmt":"2026-04-06T04:15:34","slug":"placa-red-tp-link-adaptador-usb-wifi-alta-g-ax1800-2ant","status":"publish","type":"product","link":"https:\/\/saltacom.com\/index.php\/producto\/placa-red-tp-link-adaptador-usb-wifi-alta-g-ax1800-2ant\/","title":{"rendered":"PLACA RED TP LINK ADAPTADOR USB WIFI ALTA G AX1800 (2ANT)"},"content":{"rendered":"<p>AX1800 Antenas duales Adaptador USB inal\u00e1mbrico de alta gananciaWiFi 6 ultrarr\u00e1pido: transmita videos impecables con velocidades inal\u00e1mbricas de 1800 Mbps (1201 Mbps en 5 GHz + 574 Mbps en 2.4 GHz)\u2020Doble banda flexible: aseg\u00farese de que su PC tenga la mejor conexi\u00f3n con las bandas de 5 GHz y 2,4 GHzAntenas duales de alta ganancia: con\u00e9ctese desde m\u00e1s lejos con se\u00f1ales y transmisiones de alta calidadMU-MIMO \u2013 Mantenga altas velocidades de carga y descarga incluso cuando otros dispositivos consumen su ancho de banda?OFDMA: reduzca su latencia para disfrutar de conferencias y juegos impecables en redes abarrotadas?SuperSpeed USB 3.0 \u2013 Velocidades de transferencia hasta un 10\u00d7 m\u00e1s r\u00e1pidas que USB 2.0Seguridad refinada: proteja sus datos personales con el \u00faltimo cifrado WPA3<\/p>\n","protected":false},"excerpt":{"rendered":"<p><strong>Marca:<\/strong> TP LINK<\/p>\n","protected":false},"featured_media":34754,"template":"","meta":[],"product_brand":[],"product_cat":[155,158],"product_tag":[],"class_list":{"0":"post-34753","1":"product","2":"type-product","3":"status-publish","4":"has-post-thumbnail","6":"product_cat-msn","7":"product_cat-tp-link","9":"first","10":"onbackorder","11":"shipping-taxable","12":"purchasable","13":"product-type-simple"},"_links":{"self":[{"href":"https:\/\/saltacom.com\/index.php\/wp-json\/wp\/v2\/product\/34753","targetHints":{"allow":["GET"]}}],"collection":[{"href":"https:\/\/saltacom.com\/index.php\/wp-json\/wp\/v2\/product"}],"about":[{"href":"https:\/\/saltacom.com\/index.php\/wp-json\/wp\/v2\/types\/product"}],"version-history":[{"count":0,"href":"https:\/\/saltacom.com\/index.php\/wp-json\/wp\/v2\/product\/34753\/revisions"}],"wp:featuredmedia":[{"embeddable":true,"href":"https:\/\/saltacom.com\/index.php\/wp-json\/wp\/v2\/media\/34754"}],"wp:attachment":[{"href":"https:\/\/saltacom.com\/index.php\/wp-json\/wp\/v2\/media?parent=34753"}],"wp:term":[{"taxonomy":"product_brand","embeddable":true,"href":"https:\/\/saltacom.com\/index.php\/wp-json\/wp\/v2\/product_brand?post=34753"},{"taxonomy":"product_cat","embeddable":true,"href":"https:\/\/saltacom.com\/index.php\/wp-json\/wp\/v2\/product_cat?post=34753"},{"taxonomy":"product_tag","embeddable":true,"href":"https:\/\/saltacom.com\/index.php\/wp-json\/wp\/v2\/product_tag?post=34753"}],"curies":[{"name":"wp","href":"https:\/\/api.w.org\/{rel}","templated":true}]}}