{"id":34781,"date":"2026-04-05T10:38:36","date_gmt":"2026-04-05T13:38:36","guid":{"rendered":"https:\/\/saltacom.com\/index.php\/producto\/router-wir-tp-link-omada-gigabit-vpn-router\/"},"modified":"2026-04-06T01:15:37","modified_gmt":"2026-04-06T04:15:37","slug":"router-wir-tp-link-omada-gigabit-vpn-router","status":"publish","type":"product","link":"https:\/\/saltacom.com\/index.php\/producto\/router-wir-tp-link-omada-gigabit-vpn-router\/","title":{"rendered":"ROUTER WIR TP LINK OMADA GIGABIT VPN ROUTER"},"content":{"rendered":"<p>ER605Router VPN Gigabit OmadaIntegrado en Omada SDN: Provisionamiento sin intervenci\u00f3n***, Gesti\u00f3n Centralizada en la Nube y Monitorizaci\u00f3n Inteligente.Gesti\u00f3n Centralizada: Acceso a la nube y aplicaci\u00f3n Omada para una gesti\u00f3n sencilla y c\u00f3moda.Cinco Puertos Gigabit: Conectividad cableada de alta velocidad.Hasta 3 Puertos Ethernet WAN: 1 puerto WAN gigabit y 2 puertos WAN\/LAN gigabit con balanceo de carga que aumentan la utilizaci\u00f3n de banda ancha de varias l\u00edneas.Un Puerto WAN USB para Banda Ancha M\u00f3vil: Se admite banda ancha m\u00f3vil a trav\u00e9s de un m\u00f3dem 4G\/3G para respaldo WAN conectando al puerto USB.\u2021VPN Altamente Segura: Admite hasta 20 conexiones LAN-a-LAN IPsec, 16 conexiones OpenVPN*, 16 conexiones L2TP y 16 conexiones PPTP.Abundantes Funciones de Seguridad: Pol\u00edticas avanzadas de firewall, defensa DoS, filtrado de IP\/MAC\/URL y m\u00e1s funciones de seguridad protegen su red y datos.<\/p>\n","protected":false},"excerpt":{"rendered":"<p><strong>Marca:<\/strong> TP LINK<\/p>\n","protected":false},"featured_media":34782,"template":"","meta":[],"product_brand":[],"product_cat":[155,158],"product_tag":[],"class_list":{"0":"post-34781","1":"product","2":"type-product","3":"status-publish","4":"has-post-thumbnail","6":"product_cat-msn","7":"product_cat-tp-link","9":"first","10":"onbackorder","11":"shipping-taxable","12":"purchasable","13":"product-type-simple"},"_links":{"self":[{"href":"https:\/\/saltacom.com\/index.php\/wp-json\/wp\/v2\/product\/34781","targetHints":{"allow":["GET"]}}],"collection":[{"href":"https:\/\/saltacom.com\/index.php\/wp-json\/wp\/v2\/product"}],"about":[{"href":"https:\/\/saltacom.com\/index.php\/wp-json\/wp\/v2\/types\/product"}],"version-history":[{"count":0,"href":"https:\/\/saltacom.com\/index.php\/wp-json\/wp\/v2\/product\/34781\/revisions"}],"wp:featuredmedia":[{"embeddable":true,"href":"https:\/\/saltacom.com\/index.php\/wp-json\/wp\/v2\/media\/34782"}],"wp:attachment":[{"href":"https:\/\/saltacom.com\/index.php\/wp-json\/wp\/v2\/media?parent=34781"}],"wp:term":[{"taxonomy":"product_brand","embeddable":true,"href":"https:\/\/saltacom.com\/index.php\/wp-json\/wp\/v2\/product_brand?post=34781"},{"taxonomy":"product_cat","embeddable":true,"href":"https:\/\/saltacom.com\/index.php\/wp-json\/wp\/v2\/product_cat?post=34781"},{"taxonomy":"product_tag","embeddable":true,"href":"https:\/\/saltacom.com\/index.php\/wp-json\/wp\/v2\/product_tag?post=34781"}],"curies":[{"name":"wp","href":"https:\/\/api.w.org\/{rel}","templated":true}]}}