{"id":34785,"date":"2026-04-05T10:38:40","date_gmt":"2026-04-05T13:38:40","guid":{"rendered":"https:\/\/saltacom.com\/index.php\/producto\/tp-link-gpon-whole-home-mesh-wi-fi-ac1200-1pcs\/"},"modified":"2026-04-06T01:15:37","modified_gmt":"2026-04-06T04:15:37","slug":"tp-link-gpon-whole-home-mesh-wi-fi-ac1200-1pcs","status":"publish","type":"product","link":"https:\/\/saltacom.com\/index.php\/producto\/tp-link-gpon-whole-home-mesh-wi-fi-ac1200-1pcs\/","title":{"rendered":"TP LINK GPON WHOLE-HOME MESH Wi-Fi AC1200 1PCS"},"content":{"rendered":"<p>HC220-G5Sistema WIFi Dom\u00e9stico AC1200Conexiones m\u00e1s r\u00e1pidas:  velocidades de hasta 1200 Mbps: 867 Mbps en 5 GHz y 300 Mbps en 2,4 GHz.Cobertura sin interrupciones mejorada:  logre una cobertura perfecta para todo el hogar con una se\u00f1al WiFi m\u00e1s clara y fuerte.Una red unificada: varias unidades forman una red para todo el hogar que selecciona autom\u00e1ticamente la mejor conexi\u00f3n a medida que se desplaza por la casa.Seguridad mejorada: el cifrado WPA3, Multi-SSID y Parent Control brindan una experiencia en l\u00ednea personalizada y m\u00e1s segura.Compatible con EasyMesh: proporciona cobertura WiFi para todo el hogar con tecnolog\u00eda de malla est\u00e1ndar.F\u00e1cil configuraci\u00f3n:  configure su enrutador en minutos con la aplicaci\u00f3n intuitiva Aginet.TR-069 Gesti\u00f3n remota:  TR-098, TR-181, TR-111 y TR-143 son compatibles con el aprovisionamiento autom\u00e1tico.<\/p>\n","protected":false},"excerpt":{"rendered":"<p><strong>Marca:<\/strong> TP LINK<\/p>\n","protected":false},"featured_media":34786,"template":"","meta":[],"product_brand":[],"product_cat":[155,158],"product_tag":[],"class_list":{"0":"post-34785","1":"product","2":"type-product","3":"status-publish","4":"has-post-thumbnail","6":"product_cat-msn","7":"product_cat-tp-link","9":"first","10":"onbackorder","11":"shipping-taxable","12":"purchasable","13":"product-type-simple"},"_links":{"self":[{"href":"https:\/\/saltacom.com\/index.php\/wp-json\/wp\/v2\/product\/34785","targetHints":{"allow":["GET"]}}],"collection":[{"href":"https:\/\/saltacom.com\/index.php\/wp-json\/wp\/v2\/product"}],"about":[{"href":"https:\/\/saltacom.com\/index.php\/wp-json\/wp\/v2\/types\/product"}],"version-history":[{"count":0,"href":"https:\/\/saltacom.com\/index.php\/wp-json\/wp\/v2\/product\/34785\/revisions"}],"wp:featuredmedia":[{"embeddable":true,"href":"https:\/\/saltacom.com\/index.php\/wp-json\/wp\/v2\/media\/34786"}],"wp:attachment":[{"href":"https:\/\/saltacom.com\/index.php\/wp-json\/wp\/v2\/media?parent=34785"}],"wp:term":[{"taxonomy":"product_brand","embeddable":true,"href":"https:\/\/saltacom.com\/index.php\/wp-json\/wp\/v2\/product_brand?post=34785"},{"taxonomy":"product_cat","embeddable":true,"href":"https:\/\/saltacom.com\/index.php\/wp-json\/wp\/v2\/product_cat?post=34785"},{"taxonomy":"product_tag","embeddable":true,"href":"https:\/\/saltacom.com\/index.php\/wp-json\/wp\/v2\/product_tag?post=34785"}],"curies":[{"name":"wp","href":"https:\/\/api.w.org\/{rel}","templated":true}]}}