{"id":34799,"date":"2026-04-05T10:39:09","date_gmt":"2026-04-05T13:39:09","guid":{"rendered":"https:\/\/saltacom.com\/index.php\/producto\/switch-tp-link-controlador-omada-hardware-2\/"},"modified":"2026-04-09T01:16:12","modified_gmt":"2026-04-09T04:16:12","slug":"switch-tp-link-controlador-omada-hardware-2","status":"publish","type":"product","link":"https:\/\/saltacom.com\/index.php\/producto\/switch-tp-link-controlador-omada-hardware-2\/","title":{"rendered":"SWITCH TP LINK CONTROLADOR OMADA HARDWARE"},"content":{"rendered":"<p>OC300Omada Hardware ControllerGesti\u00f3n centralizada de hasta 500 puntos de acceso Omada, Switchess JetStream y Switches SafeStream.Acceso gratuito a la nube: administre y supervise con la aplicaci\u00f3n Omada o la interfaz de usuario web desde cualquier lugar y en cualquier momento.Administraci\u00f3n en las instalaciones: Supervise y administre localmente los dispositivos con la m\u00e1xima seguridad y estabilidad.Dise\u00f1o de hardware l\u00edder en la industria: un potente conjunto de chips, una carcasa de metal resistente, un puerto USB 3.0 para copia de seguridad autom\u00e1tica y dos puertos GigabitMonitoreo de red f\u00e1cil e inteligente: el panel f\u00e1cil de usar simplifica la visualizaci\u00f3n del estado de la red y la distribuci\u00f3n del tr\u00e1fico en tiempo real.Topolog\u00eda de red en tiempo real: ayuda a los administradores de TI a ver y solucionar problemas de conexiones r\u00e1pidamente de un vistazo.Mantenimiento de red m\u00e1s f\u00e1cil: simulador de mapa de cobertura WiFi, informe de red visualizable y administraci\u00f3n de lotes y sitios m\u00faltiples que benefician el mantenimiento de la red.<\/p>\n","protected":false},"excerpt":{"rendered":"<p><strong>Marca:<\/strong> TP LINK<\/p>\n","protected":false},"featured_media":34800,"template":"","meta":[],"product_brand":[],"product_cat":[155,158],"product_tag":[],"class_list":{"0":"post-34799","1":"product","2":"type-product","3":"status-publish","4":"has-post-thumbnail","6":"product_cat-msn","7":"product_cat-tp-link","9":"first","10":"onbackorder","11":"shipping-taxable","12":"purchasable","13":"product-type-simple"},"_links":{"self":[{"href":"https:\/\/saltacom.com\/index.php\/wp-json\/wp\/v2\/product\/34799","targetHints":{"allow":["GET"]}}],"collection":[{"href":"https:\/\/saltacom.com\/index.php\/wp-json\/wp\/v2\/product"}],"about":[{"href":"https:\/\/saltacom.com\/index.php\/wp-json\/wp\/v2\/types\/product"}],"version-history":[{"count":0,"href":"https:\/\/saltacom.com\/index.php\/wp-json\/wp\/v2\/product\/34799\/revisions"}],"wp:featuredmedia":[{"embeddable":true,"href":"https:\/\/saltacom.com\/index.php\/wp-json\/wp\/v2\/media\/34800"}],"wp:attachment":[{"href":"https:\/\/saltacom.com\/index.php\/wp-json\/wp\/v2\/media?parent=34799"}],"wp:term":[{"taxonomy":"product_brand","embeddable":true,"href":"https:\/\/saltacom.com\/index.php\/wp-json\/wp\/v2\/product_brand?post=34799"},{"taxonomy":"product_cat","embeddable":true,"href":"https:\/\/saltacom.com\/index.php\/wp-json\/wp\/v2\/product_cat?post=34799"},{"taxonomy":"product_tag","embeddable":true,"href":"https:\/\/saltacom.com\/index.php\/wp-json\/wp\/v2\/product_tag?post=34799"}],"curies":[{"name":"wp","href":"https:\/\/api.w.org\/{rel}","templated":true}]}}