{"id":34837,"date":"2026-04-05T10:40:02","date_gmt":"2026-04-05T13:40:02","guid":{"rendered":"https:\/\/saltacom.com\/index.php\/producto\/switch-tp-link-8-puertos-smart\/"},"modified":"2026-04-07T01:15:46","modified_gmt":"2026-04-07T04:15:46","slug":"switch-tp-link-8-puertos-smart","status":"publish","type":"product","link":"https:\/\/saltacom.com\/index.php\/producto\/switch-tp-link-8-puertos-smart\/","title":{"rendered":"SWITCH TP LINK 8 PUERTOS SMART"},"content":{"rendered":"<p>TL-SG2008JetStream Switch Smart de 8 Puertos GigabitConexiones Gigabit Ethernet en todos los puertos que proporcionan la m\u00e1xima velocidad de transferencia de datosEstrategia de seguridad integrada incluyendo VLAN 802.1Q, ACL, Seguridad por Puerto y Control de Tormentas que ayudan a proteger la inversi\u00f3n en el \u00e1rea LANQoS L2 \/ L3 \/ L4 e IGMP snooping que optimizan las aplicaciones de v\u00eddeo y vozModos de gesti\u00f3n v\u00eda WEB \/ CLI, SNMP, RMON que traen numerosas funciones de administraci\u00f3nInnovadora tecnolog\u00eda de eficiencia energ\u00e9tica que ahorra hasta un 65% del consumo de energ\u00eda<\/p>\n","protected":false},"excerpt":{"rendered":"<p><strong>Marca:<\/strong> TP LINK<\/p>\n","protected":false},"featured_media":34838,"template":"","meta":[],"product_brand":[],"product_cat":[155,158],"product_tag":[],"class_list":{"0":"post-34837","1":"product","2":"type-product","3":"status-publish","4":"has-post-thumbnail","6":"product_cat-msn","7":"product_cat-tp-link","9":"first","10":"onbackorder","11":"shipping-taxable","12":"purchasable","13":"product-type-simple"},"_links":{"self":[{"href":"https:\/\/saltacom.com\/index.php\/wp-json\/wp\/v2\/product\/34837","targetHints":{"allow":["GET"]}}],"collection":[{"href":"https:\/\/saltacom.com\/index.php\/wp-json\/wp\/v2\/product"}],"about":[{"href":"https:\/\/saltacom.com\/index.php\/wp-json\/wp\/v2\/types\/product"}],"version-history":[{"count":0,"href":"https:\/\/saltacom.com\/index.php\/wp-json\/wp\/v2\/product\/34837\/revisions"}],"wp:featuredmedia":[{"embeddable":true,"href":"https:\/\/saltacom.com\/index.php\/wp-json\/wp\/v2\/media\/34838"}],"wp:attachment":[{"href":"https:\/\/saltacom.com\/index.php\/wp-json\/wp\/v2\/media?parent=34837"}],"wp:term":[{"taxonomy":"product_brand","embeddable":true,"href":"https:\/\/saltacom.com\/index.php\/wp-json\/wp\/v2\/product_brand?post=34837"},{"taxonomy":"product_cat","embeddable":true,"href":"https:\/\/saltacom.com\/index.php\/wp-json\/wp\/v2\/product_cat?post=34837"},{"taxonomy":"product_tag","embeddable":true,"href":"https:\/\/saltacom.com\/index.php\/wp-json\/wp\/v2\/product_tag?post=34837"}],"curies":[{"name":"wp","href":"https:\/\/api.w.org\/{rel}","templated":true}]}}