{"id":34883,"date":"2026-04-05T10:40:52","date_gmt":"2026-04-05T13:40:52","guid":{"rendered":"https:\/\/saltacom.com\/index.php\/producto\/gpon-tp-link-onu-ac1200-wi-fi-wifi-5-dual-b-xpon\/"},"modified":"2026-04-06T01:15:42","modified_gmt":"2026-04-06T04:15:42","slug":"gpon-tp-link-onu-ac1200-wi-fi-wifi-5-dual-b-xpon","status":"publish","type":"product","link":"https:\/\/saltacom.com\/index.php\/producto\/gpon-tp-link-onu-ac1200-wi-fi-wifi-5-dual-b-xpon\/","title":{"rendered":"GPON TP LINK ONU AC1200 WI-FI WIFI 5 DUAL B XPON"},"content":{"rendered":"<p>Enrutador inal\u00e1mbrico XPON AC1200XC220-G3WiFi de doble banda ultrarr\u00e1pida: Velocidades WiFi de hasta 1,2 Gbps, 300 Mbps en 2,4 GHz, 867 Mbps en 5 GHz*Modos duales XPON: Admite los modos duales GPON y EPON para un acceso flexible a Internet de fibra.Compatible con EasyMesh: Proporciona cobertura WiFi en toda la casa con tecnolog\u00eda de malla est\u00e1ndar. ?IPTV fluida: Admite IGMP Proxy\/Snooping, Bridge y Tag VLAN para optimizar la transmisi\u00f3n de IPTV.Seguridad mejorada: Proteja su red con firewalls y el cifrado WPA3 m\u00e1s reciente.**Puertos Gigabit completos: Hasta un 10\u00d7 m\u00e1s r\u00e1pido que Ethernet est\u00e1ndar, ofrece un rendimiento por cable ultrarr\u00e1pido.Dise\u00f1o de bandeja de fibra compatible: Guarde un cable de fibra redundante en el interior y prot\u00e9jalo para que no se rompa.F\u00e1cil configuraci\u00f3n: Configura tu red en cuesti\u00f3n de minutos con la potente aplicaci\u00f3n Aginet.Gesti\u00f3n remota: Se admiten los protocolos OMCI (ONT Management and Control Interface) y TR-069.<\/p>\n","protected":false},"excerpt":{"rendered":"<p><strong>Marca:<\/strong> TP LINK<\/p>\n","protected":false},"featured_media":34884,"template":"","meta":[],"product_brand":[],"product_cat":[155,158],"product_tag":[],"class_list":{"0":"post-34883","1":"product","2":"type-product","3":"status-publish","4":"has-post-thumbnail","6":"product_cat-msn","7":"product_cat-tp-link","9":"first","10":"onbackorder","11":"shipping-taxable","12":"purchasable","13":"product-type-simple"},"_links":{"self":[{"href":"https:\/\/saltacom.com\/index.php\/wp-json\/wp\/v2\/product\/34883","targetHints":{"allow":["GET"]}}],"collection":[{"href":"https:\/\/saltacom.com\/index.php\/wp-json\/wp\/v2\/product"}],"about":[{"href":"https:\/\/saltacom.com\/index.php\/wp-json\/wp\/v2\/types\/product"}],"version-history":[{"count":0,"href":"https:\/\/saltacom.com\/index.php\/wp-json\/wp\/v2\/product\/34883\/revisions"}],"wp:featuredmedia":[{"embeddable":true,"href":"https:\/\/saltacom.com\/index.php\/wp-json\/wp\/v2\/media\/34884"}],"wp:attachment":[{"href":"https:\/\/saltacom.com\/index.php\/wp-json\/wp\/v2\/media?parent=34883"}],"wp:term":[{"taxonomy":"product_brand","embeddable":true,"href":"https:\/\/saltacom.com\/index.php\/wp-json\/wp\/v2\/product_brand?post=34883"},{"taxonomy":"product_cat","embeddable":true,"href":"https:\/\/saltacom.com\/index.php\/wp-json\/wp\/v2\/product_cat?post=34883"},{"taxonomy":"product_tag","embeddable":true,"href":"https:\/\/saltacom.com\/index.php\/wp-json\/wp\/v2\/product_tag?post=34883"}],"curies":[{"name":"wp","href":"https:\/\/api.w.org\/{rel}","templated":true}]}}