{"id":34955,"date":"2026-04-05T10:42:26","date_gmt":"2026-04-05T13:42:26","guid":{"rendered":"https:\/\/saltacom.com\/index.php\/producto\/mural-glc-mural-cctv-5u-370mm-19-desarmados\/"},"modified":"2026-04-06T01:15:49","modified_gmt":"2026-04-06T04:15:49","slug":"mural-glc-mural-cctv-5u-370mm-19-desarmados","status":"publish","type":"product","link":"https:\/\/saltacom.com\/index.php\/producto\/mural-glc-mural-cctv-5u-370mm-19-desarmados\/","title":{"rendered":"MURAL GLC MURAL CCTV 5U &#8211; 370MM 19 DESARMADOS"},"content":{"rendered":"<p>Sofisticado y elegante, es la soluci\u00f3n ideal para sistemas de CCTV y redes.Cumple con est\u00e1ndares internacionales, garantizando una estructura robusta de acero laminado en fr\u00edo. Con capacidad de carga de 40KG, ofrece ventilaci\u00f3n \u00f3ptima, f\u00e1cil instalaci\u00f3n en la pared y opciones de accesorios.Su dise\u00f1o inteligente y acabado negro resistente, cumpliendo con la norma ROHS, lo convierten en la elecci\u00f3n perfecta para servidores y equipos de precisi\u00f3n en entornos de alta exigencia.\u00bb<\/p>\n","protected":false},"excerpt":{"rendered":"<p><strong>Marca:<\/strong> GLC<\/p>\n","protected":false},"featured_media":34956,"template":"","meta":[],"product_brand":[],"product_cat":[155,168],"product_tag":[],"class_list":{"0":"post-34955","1":"product","2":"type-product","3":"status-publish","4":"has-post-thumbnail","6":"product_cat-msn","7":"product_cat-glc","9":"first","10":"onbackorder","11":"shipping-taxable","12":"purchasable","13":"product-type-simple"},"_links":{"self":[{"href":"https:\/\/saltacom.com\/index.php\/wp-json\/wp\/v2\/product\/34955","targetHints":{"allow":["GET"]}}],"collection":[{"href":"https:\/\/saltacom.com\/index.php\/wp-json\/wp\/v2\/product"}],"about":[{"href":"https:\/\/saltacom.com\/index.php\/wp-json\/wp\/v2\/types\/product"}],"version-history":[{"count":1,"href":"https:\/\/saltacom.com\/index.php\/wp-json\/wp\/v2\/product\/34955\/revisions"}],"predecessor-version":[{"id":35058,"href":"https:\/\/saltacom.com\/index.php\/wp-json\/wp\/v2\/product\/34955\/revisions\/35058"}],"wp:featuredmedia":[{"embeddable":true,"href":"https:\/\/saltacom.com\/index.php\/wp-json\/wp\/v2\/media\/34956"}],"wp:attachment":[{"href":"https:\/\/saltacom.com\/index.php\/wp-json\/wp\/v2\/media?parent=34955"}],"wp:term":[{"taxonomy":"product_brand","embeddable":true,"href":"https:\/\/saltacom.com\/index.php\/wp-json\/wp\/v2\/product_brand?post=34955"},{"taxonomy":"product_cat","embeddable":true,"href":"https:\/\/saltacom.com\/index.php\/wp-json\/wp\/v2\/product_cat?post=34955"},{"taxonomy":"product_tag","embeddable":true,"href":"https:\/\/saltacom.com\/index.php\/wp-json\/wp\/v2\/product_tag?post=34955"}],"curies":[{"name":"wp","href":"https:\/\/api.w.org\/{rel}","templated":true}]}}