{"id":35001,"date":"2026-04-05T10:58:11","date_gmt":"2026-04-05T13:58:11","guid":{"rendered":"https:\/\/saltacom.com\/index.php\/producto\/monitor-27-gamemax-180hz-ips-fhd-hdmi-d-port\/"},"modified":"2026-04-05T19:06:39","modified_gmt":"2026-04-05T22:06:39","slug":"monitor-27-gamemax-180hz-ips-fhd-hdmi-d-port","status":"publish","type":"product","link":"https:\/\/saltacom.com\/index.php\/producto\/monitor-27-gamemax-180hz-ips-fhd-hdmi-d-port\/","title":{"rendered":"MONITOR 27 GAMEMAX 180HZ IPS FHD HDMI D PORT"},"content":{"rendered":"<p>Monitor para juegos GMX27F180 Full HD de 180 Hz con tecnologu00eda FreeSync para reducir la luz azul y el parpadeonrnu2022Monitor Full HD (1920 x 1080) de 27 pulgadas con una frecuencia de actualizaciu00f3n de 180 Hz que ofrece una experiencia de video y juegos ultra fluida, especialmente adecuado para escenas muy dinu00e1micas.nrnu2022Admite una gama de colores del 85 % NTSC y del 99 % sRGB, con compatibilidad con 16,7 millones de colores, lo que ofrece una representaciu00f3n de colores vibrante y realista.nrnu2022Cuenta con el modo Low Blue Light y la tecnologu00eda Flicker-Free para reducir la emisiu00f3n de luz azul y el parpadeo de la pantalla, lo que protege los ojos y proporciona una experiencia cu00f3moda para un uso prolongado.nrnu2022Equipado con tecnologu00eda FreeSync para eliminar el desgarro y el parpadeo de la pantalla, lo que garantiza un juego fluido y estable para un mejor rendimiento competitivo.rnrnEspecificacionesrnnModelo: GMX27F180nrnPantalla:rnn- Tamau00f1o de pantalla: 27u201drnn- Tipo de retroiluminaciu00f3n: LEDnrn- Relaciu00f3n de aspecto: 16:09rnn- Brillo (mu00e1ximo): 250 cd\/?rnn- Relaciu00f3n de contraste (mu00e1ximo): 1000:01:00nrn- Resoluciu00f3n: 1920*1080 @ 180Hznrn- Tiempo de respuesta (mu00e1ximo): 5 msrnn- Gama de colores: 76% NTSC y 99% sRGBrnn- u00c1ngulo de visiu00f3n (horizontal\/vertical): 89u00ba\/89u00ba (CR&gt;10) Fast IPSrnn- Soporte de color: 16.7MrnrnEntrada de seu00f1al:rnn- Seu00f1al de video: Digitalnrn- Seu00f1al de sincronizaciu00f3n: Separada H\/V, Compuesta, SOGnrn- Conectores: HDMI + DP + DC + USBnrnEnergu00eda:nrn- Consumo de energu00eda: 30Wnrn- Tipo: 10V, 4AnrnCaracteru00edsticas:nrn- HDR: Compatiblernn- Freesync: Compatiblenrn- Plug &amp; Play: Compatiblenrn- Color del gabinete: Negronrn- Over Drive: No aplicarnn- Sin parpadeo: Compatiblernn- Modo de baja luz azul: Compatiblernn- Montaje VESA: 100x100mmrnrnAudio: No aplicarnrnAccesorios:rnn- Cable HDMIrnn- Fuente de alimentaciu00f3nrnn- Manual del usuariornrnPeso:nrn- Peso neto: 3.4 kgrnn- Peso bruto: 4.75 kgrnrnDimensiones de la caja: Ancho x Profundidad x Altura: 614.59 x 7.5 x 459.77 mm<\/p>\n","protected":false},"excerpt":{"rendered":"<p>Caracter\u00edsticas PrincipalesTama\u00f1o de Pantalla: 27 pulgadasResoluci\u00f3n: Full HD (1920 x 1080)Frecuencia de Actualizaci\u00f3n: 180 HzTecnolog\u00eda: FreeSync para eliminar el desgarro y el parpadeo de la pantallaModos de Protecci\u00f3n Ocular: Low Blue Light y Flicker-FreeEspecificaciones del PanelTipo de Retroiluminaci\u00f3n: LEDRelaci\u00f3n de Aspecto: 16:9Brillo (m\u00e1ximo): 250 cd\/m\u00b2Relaci\u00f3n de Contraste (m\u00e1ximo): 1000:1Tiempo de Respuesta (m\u00e1ximo): 5 msGama de Colores: 76% NTSC y 99% sRGB\u00c1ngulo de Visi\u00f3n (H\/V): 89\u00ba\/89\u00ba (CR>10) Fast IPSSoporte de Color: 16.7 millones de coloresEntrada de Se\u00f1alSe\u00f1al de Video: DigitalSe\u00f1al de Sincronizaci\u00f3n: Separada H\/V, Compuesta, SOGConectores: HDMI, DisplayPort, DC, USBEnerg\u00edaConsumo de Energ\u00eda: 30WTipo de Energ\u00eda: 10V, 4ACaracter\u00edsticas AdicionalesHDR: CompatiblePlug<\/p>\n","protected":false},"featured_media":35004,"template":"","meta":[],"product_brand":[],"product_cat":[127,99],"product_tag":[],"class_list":{"0":"post-35001","1":"product","2":"type-product","3":"status-publish","4":"has-post-thumbnail","6":"product_cat-ar","7":"product_cat-monitor","9":"first","10":"instock","11":"shipping-taxable","12":"purchasable","13":"product-type-simple"},"_links":{"self":[{"href":"https:\/\/saltacom.com\/index.php\/wp-json\/wp\/v2\/product\/35001","targetHints":{"allow":["GET"]}}],"collection":[{"href":"https:\/\/saltacom.com\/index.php\/wp-json\/wp\/v2\/product"}],"about":[{"href":"https:\/\/saltacom.com\/index.php\/wp-json\/wp\/v2\/types\/product"}],"version-history":[{"count":2,"href":"https:\/\/saltacom.com\/index.php\/wp-json\/wp\/v2\/product\/35001\/revisions"}],"predecessor-version":[{"id":35003,"href":"https:\/\/saltacom.com\/index.php\/wp-json\/wp\/v2\/product\/35001\/revisions\/35003"}],"wp:featuredmedia":[{"embeddable":true,"href":"https:\/\/saltacom.com\/index.php\/wp-json\/wp\/v2\/media\/35004"}],"wp:attachment":[{"href":"https:\/\/saltacom.com\/index.php\/wp-json\/wp\/v2\/media?parent=35001"}],"wp:term":[{"taxonomy":"product_brand","embeddable":true,"href":"https:\/\/saltacom.com\/index.php\/wp-json\/wp\/v2\/product_brand?post=35001"},{"taxonomy":"product_cat","embeddable":true,"href":"https:\/\/saltacom.com\/index.php\/wp-json\/wp\/v2\/product_cat?post=35001"},{"taxonomy":"product_tag","embeddable":true,"href":"https:\/\/saltacom.com\/index.php\/wp-json\/wp\/v2\/product_tag?post=35001"}],"curies":[{"name":"wp","href":"https:\/\/api.w.org\/{rel}","templated":true}]}}