{"id":35143,"date":"2026-04-06T01:17:15","date_gmt":"2026-04-06T04:17:15","guid":{"rendered":"https:\/\/saltacom.com\/index.php\/producto\/ups-eaton-interactiva-5a-2000va-11-tower\/"},"modified":"2026-04-06T01:17:16","modified_gmt":"2026-04-06T04:17:16","slug":"ups-eaton-interactiva-5a-2000va-11-tower","status":"publish","type":"product","link":"https:\/\/saltacom.com\/index.php\/producto\/ups-eaton-interactiva-5a-2000va-11-tower\/","title":{"rendered":"UPS EATON INTERACTIVA 5A 2000VA 1:1 TOWER"},"content":{"rendered":"<p>La UPS Eaton 5A 2000VA ofrece m\u00e1xima protecci\u00f3n y respaldo para estaciones de trabajo, servidores peque\u00f1os y equipos cr\u00edticos. Su tecnolog\u00eda de l\u00ednea interactiva con AVR estabiliza la tensi\u00f3n ante variaciones sin recurrir a la bater\u00eda, mejorando su durabilidad. Incorpora arranque en fr\u00edo, protecci\u00f3n contra sobretensiones y compatibilidad con generador, garantizando continuidad operativa. Con dise\u00f1o robusto y compacto, salidas IRAM y 2 a\u00f1os de garant\u00eda, es una soluci\u00f3n confiable de alto rendimiento y excelente valor agregado.<\/p>\n","protected":false},"excerpt":{"rendered":"<p><strong>Marca:<\/strong> EATON<\/p>\n","protected":false},"featured_media":0,"template":"","meta":[],"product_brand":[],"product_cat":[155,171],"product_tag":[],"class_list":{"0":"post-35143","1":"product","2":"type-product","3":"status-publish","5":"product_cat-msn","6":"product_cat-eaton","8":"first","9":"onbackorder","10":"shipping-taxable","11":"purchasable","12":"product-type-simple"},"_links":{"self":[{"href":"https:\/\/saltacom.com\/index.php\/wp-json\/wp\/v2\/product\/35143","targetHints":{"allow":["GET"]}}],"collection":[{"href":"https:\/\/saltacom.com\/index.php\/wp-json\/wp\/v2\/product"}],"about":[{"href":"https:\/\/saltacom.com\/index.php\/wp-json\/wp\/v2\/types\/product"}],"version-history":[{"count":0,"href":"https:\/\/saltacom.com\/index.php\/wp-json\/wp\/v2\/product\/35143\/revisions"}],"wp:attachment":[{"href":"https:\/\/saltacom.com\/index.php\/wp-json\/wp\/v2\/media?parent=35143"}],"wp:term":[{"taxonomy":"product_brand","embeddable":true,"href":"https:\/\/saltacom.com\/index.php\/wp-json\/wp\/v2\/product_brand?post=35143"},{"taxonomy":"product_cat","embeddable":true,"href":"https:\/\/saltacom.com\/index.php\/wp-json\/wp\/v2\/product_cat?post=35143"},{"taxonomy":"product_tag","embeddable":true,"href":"https:\/\/saltacom.com\/index.php\/wp-json\/wp\/v2\/product_tag?post=35143"}],"curies":[{"name":"wp","href":"https:\/\/api.w.org\/{rel}","templated":true}]}}