{"id":35145,"date":"2026-04-06T01:17:20","date_gmt":"2026-04-06T04:17:20","guid":{"rendered":"https:\/\/saltacom.com\/index.php\/producto\/ups-eaton-interactiva-5a-900va-11-tower\/"},"modified":"2026-04-06T01:17:22","modified_gmt":"2026-04-06T04:17:22","slug":"ups-eaton-interactiva-5a-900va-11-tower","status":"publish","type":"product","link":"https:\/\/saltacom.com\/index.php\/producto\/ups-eaton-interactiva-5a-900va-11-tower\/","title":{"rendered":"UPS EATON INTERACTIVA 5A 900VA 1:1 TOWER"},"content":{"rendered":"<p>La UPS Eaton 5A 900VA es un equipo de l\u00ednea interactiva dise\u00f1ado para proteger computadoras, routers y sistemas de punto de venta frente a cortes y fluctuaciones el\u00e9ctricas. Su Regulaci\u00f3n Autom\u00e1tica de Tensi\u00f3n (AVR) mantiene una salida estable sin consumir bater\u00eda, optimizando su rendimiento. Ofrece arranque en fr\u00edo, protecci\u00f3n contra sobretensiones y compatibilidad con generador. Con dise\u00f1o compacto, salidas IRAM y 2 a\u00f1os de garant\u00eda, combina seguridad, practicidad y excelente relaci\u00f3n costo-beneficio.<\/p>\n","protected":false},"excerpt":{"rendered":"<p><strong>Marca:<\/strong> EATON<\/p>\n","protected":false},"featured_media":0,"template":"","meta":[],"product_brand":[],"product_cat":[155,171],"product_tag":[],"class_list":{"0":"post-35145","1":"product","2":"type-product","3":"status-publish","5":"product_cat-msn","6":"product_cat-eaton","8":"first","9":"onbackorder","10":"shipping-taxable","11":"purchasable","12":"product-type-simple"},"_links":{"self":[{"href":"https:\/\/saltacom.com\/index.php\/wp-json\/wp\/v2\/product\/35145","targetHints":{"allow":["GET"]}}],"collection":[{"href":"https:\/\/saltacom.com\/index.php\/wp-json\/wp\/v2\/product"}],"about":[{"href":"https:\/\/saltacom.com\/index.php\/wp-json\/wp\/v2\/types\/product"}],"version-history":[{"count":0,"href":"https:\/\/saltacom.com\/index.php\/wp-json\/wp\/v2\/product\/35145\/revisions"}],"wp:attachment":[{"href":"https:\/\/saltacom.com\/index.php\/wp-json\/wp\/v2\/media?parent=35145"}],"wp:term":[{"taxonomy":"product_brand","embeddable":true,"href":"https:\/\/saltacom.com\/index.php\/wp-json\/wp\/v2\/product_brand?post=35145"},{"taxonomy":"product_cat","embeddable":true,"href":"https:\/\/saltacom.com\/index.php\/wp-json\/wp\/v2\/product_cat?post=35145"},{"taxonomy":"product_tag","embeddable":true,"href":"https:\/\/saltacom.com\/index.php\/wp-json\/wp\/v2\/product_tag?post=35145"}],"curies":[{"name":"wp","href":"https:\/\/api.w.org\/{rel}","templated":true}]}}