{"id":35256,"date":"2026-04-09T17:40:52","date_gmt":"2026-04-09T20:40:52","guid":{"rendered":"https:\/\/saltacom.com\/index.php\/producto\/gabinete-corsair-2500x-tg-mid-tower-dual-chamber-black-4962\/"},"modified":"2026-04-10T02:19:07","modified_gmt":"2026-04-10T05:19:07","slug":"gabinete-corsair-2500x-tg-mid-tower-dual-chamber-black-4962","status":"publish","type":"product","link":"https:\/\/saltacom.com\/index.php\/producto\/gabinete-corsair-2500x-tg-mid-tower-dual-chamber-black-4962\/","title":{"rendered":"Gabinete Corsair 2500X TG Mid-Tower Dual Chamber Black (4962)"},"content":{"rendered":"<p>El chasis para PC de dos c\u00e1maras semitorre CORSAIR 2500X ofrece un flujo de aire y refrigeraci\u00f3n excepcionales con paneles completamente de malla y un dise\u00f1o de doble c\u00e1mara lograr un dise\u00f1o organizado e impresionante.<br \/>\nM\u00e1s informaci\u00f3n:\u00a0CC-9011265-WW<\/p>\n","protected":false},"excerpt":{"rendered":"<p>El chasis para PC de dos c\u00e1maras semitorre CORSAIR 2500X ofrece un flujo de aire y refrigeraci\u00f3n excepcionales con paneles completamente de malla y un dise\u00f1o de doble c\u00e1mara lograr un dise\u00f1o\u2026<\/p>\n","protected":false},"featured_media":35257,"template":"","meta":[],"product_brand":[],"product_cat":[100,130],"product_tag":[],"class_list":{"0":"post-35256","1":"product","2":"type-product","3":"status-publish","4":"has-post-thumbnail","6":"product_cat-gabinete","7":"product_cat-pv","9":"first","10":"instock","11":"shipping-taxable","12":"purchasable","13":"product-type-simple"},"_links":{"self":[{"href":"https:\/\/saltacom.com\/index.php\/wp-json\/wp\/v2\/product\/35256","targetHints":{"allow":["GET"]}}],"collection":[{"href":"https:\/\/saltacom.com\/index.php\/wp-json\/wp\/v2\/product"}],"about":[{"href":"https:\/\/saltacom.com\/index.php\/wp-json\/wp\/v2\/types\/product"}],"version-history":[{"count":1,"href":"https:\/\/saltacom.com\/index.php\/wp-json\/wp\/v2\/product\/35256\/revisions"}],"predecessor-version":[{"id":35259,"href":"https:\/\/saltacom.com\/index.php\/wp-json\/wp\/v2\/product\/35256\/revisions\/35259"}],"wp:featuredmedia":[{"embeddable":true,"href":"https:\/\/saltacom.com\/index.php\/wp-json\/wp\/v2\/media\/35257"}],"wp:attachment":[{"href":"https:\/\/saltacom.com\/index.php\/wp-json\/wp\/v2\/media?parent=35256"}],"wp:term":[{"taxonomy":"product_brand","embeddable":true,"href":"https:\/\/saltacom.com\/index.php\/wp-json\/wp\/v2\/product_brand?post=35256"},{"taxonomy":"product_cat","embeddable":true,"href":"https:\/\/saltacom.com\/index.php\/wp-json\/wp\/v2\/product_cat?post=35256"},{"taxonomy":"product_tag","embeddable":true,"href":"https:\/\/saltacom.com\/index.php\/wp-json\/wp\/v2\/product_tag?post=35256"}],"curies":[{"name":"wp","href":"https:\/\/api.w.org\/{rel}","templated":true}]}}