{"id":35264,"date":"2026-04-09T17:53:20","date_gmt":"2026-04-09T20:53:20","guid":{"rendered":"https:\/\/saltacom.com\/index.php\/producto\/gabinete-corsair-3000d-rgb-airflow-mid-tower-tg-fan-rgb-x3-white-0861\/"},"modified":"2026-04-10T02:19:07","modified_gmt":"2026-04-10T05:19:07","slug":"gabinete-corsair-3000d-rgb-airflow-mid-tower-tg-fan-rgb-x3-white-0861","status":"publish","type":"product","link":"https:\/\/saltacom.com\/index.php\/producto\/gabinete-corsair-3000d-rgb-airflow-mid-tower-tg-fan-rgb-x3-white-0861\/","title":{"rendered":"Gabinete Corsair 3000D RGB Airflow Mid-Tower TG Fan RGB x3 White (0861)"},"content":{"rendered":"<p>El CORSAIR 3000D RGB AIRFLOW presenta un chasis ATX semitorre con un eficiente dise\u00f1o de gran caudal de aire, que incluye tres ventiladores CORSAIR AR120 RGB preinstalados que proporcionan una refrigeraci\u00f3n excepcional e intensos efectos de iluminaci\u00f3n.<br \/>\nM\u00e1s informaci\u00f3n:\u00a0CC-9011256-WW<\/p>\n","protected":false},"excerpt":{"rendered":"<p>El CORSAIR 3000D RGB AIRFLOW presenta un chasis ATX semitorre con un eficiente dise\u00f1o de gran caudal de aire, que incluye tres ventiladores CORSAIR AR120 RGB preinstalados que proporcionan una refrigeraci\u00f3n excepcional\u2026<\/p>\n","protected":false},"featured_media":35265,"template":"","meta":[],"product_brand":[],"product_cat":[100,130],"product_tag":[],"class_list":{"0":"post-35264","1":"product","2":"type-product","3":"status-publish","4":"has-post-thumbnail","6":"product_cat-gabinete","7":"product_cat-pv","9":"first","10":"instock","11":"shipping-taxable","12":"purchasable","13":"product-type-simple"},"_links":{"self":[{"href":"https:\/\/saltacom.com\/index.php\/wp-json\/wp\/v2\/product\/35264","targetHints":{"allow":["GET"]}}],"collection":[{"href":"https:\/\/saltacom.com\/index.php\/wp-json\/wp\/v2\/product"}],"about":[{"href":"https:\/\/saltacom.com\/index.php\/wp-json\/wp\/v2\/types\/product"}],"version-history":[{"count":1,"href":"https:\/\/saltacom.com\/index.php\/wp-json\/wp\/v2\/product\/35264\/revisions"}],"predecessor-version":[{"id":35388,"href":"https:\/\/saltacom.com\/index.php\/wp-json\/wp\/v2\/product\/35264\/revisions\/35388"}],"wp:featuredmedia":[{"embeddable":true,"href":"https:\/\/saltacom.com\/index.php\/wp-json\/wp\/v2\/media\/35265"}],"wp:attachment":[{"href":"https:\/\/saltacom.com\/index.php\/wp-json\/wp\/v2\/media?parent=35264"}],"wp:term":[{"taxonomy":"product_brand","embeddable":true,"href":"https:\/\/saltacom.com\/index.php\/wp-json\/wp\/v2\/product_brand?post=35264"},{"taxonomy":"product_cat","embeddable":true,"href":"https:\/\/saltacom.com\/index.php\/wp-json\/wp\/v2\/product_cat?post=35264"},{"taxonomy":"product_tag","embeddable":true,"href":"https:\/\/saltacom.com\/index.php\/wp-json\/wp\/v2\/product_tag?post=35264"}],"curies":[{"name":"wp","href":"https:\/\/api.w.org\/{rel}","templated":true}]}}