{"id":35284,"date":"2026-04-09T17:53:56","date_gmt":"2026-04-09T20:53:56","guid":{"rendered":"https:\/\/saltacom.com\/index.php\/producto\/gabinete-tt-the-tower-600-mid-tower-tg-x3-fan-x2-black-5240\/"},"modified":"2026-04-10T06:19:18","modified_gmt":"2026-04-10T09:19:18","slug":"gabinete-tt-the-tower-600-mid-tower-tg-x3-fan-x2-black-5240","status":"publish","type":"product","link":"https:\/\/saltacom.com\/index.php\/producto\/gabinete-tt-the-tower-600-mid-tower-tg-x3-fan-x2-black-5240\/","title":{"rendered":"Gabinete TT The Tower 600 Mid-Tower TG x3 Fan x2 Black (5240)"},"content":{"rendered":"<p>El gabinete Tower 600 es una caja ATX con un dise\u00f1o cl\u00e1sico de caja vertical y viene en forma de prisma octogonal que es compatible con las \u00faltimas placas base con conectores ocultos.<br \/>\nM\u00e1s informaci\u00f3n:\u00a0CA-1Z1-00M1WN-00<\/p>\n","protected":false},"excerpt":{"rendered":"<p>El gabinete Tower 600 es una caja ATX con un dise\u00f1o cl\u00e1sico de caja vertical y viene en forma de prisma octogonal que es compatible con las \u00faltimas placas base con conectores\u2026<\/p>\n","protected":false},"featured_media":35285,"template":"","meta":[],"product_brand":[],"product_cat":[100,130],"product_tag":[],"class_list":{"0":"post-35284","1":"product","2":"type-product","3":"status-publish","4":"has-post-thumbnail","6":"product_cat-gabinete","7":"product_cat-pv","9":"first","10":"instock","11":"shipping-taxable","12":"purchasable","13":"product-type-simple"},"_links":{"self":[{"href":"https:\/\/saltacom.com\/index.php\/wp-json\/wp\/v2\/product\/35284","targetHints":{"allow":["GET"]}}],"collection":[{"href":"https:\/\/saltacom.com\/index.php\/wp-json\/wp\/v2\/product"}],"about":[{"href":"https:\/\/saltacom.com\/index.php\/wp-json\/wp\/v2\/types\/product"}],"version-history":[{"count":1,"href":"https:\/\/saltacom.com\/index.php\/wp-json\/wp\/v2\/product\/35284\/revisions"}],"predecessor-version":[{"id":35398,"href":"https:\/\/saltacom.com\/index.php\/wp-json\/wp\/v2\/product\/35284\/revisions\/35398"}],"wp:featuredmedia":[{"embeddable":true,"href":"https:\/\/saltacom.com\/index.php\/wp-json\/wp\/v2\/media\/35285"}],"wp:attachment":[{"href":"https:\/\/saltacom.com\/index.php\/wp-json\/wp\/v2\/media?parent=35284"}],"wp:term":[{"taxonomy":"product_brand","embeddable":true,"href":"https:\/\/saltacom.com\/index.php\/wp-json\/wp\/v2\/product_brand?post=35284"},{"taxonomy":"product_cat","embeddable":true,"href":"https:\/\/saltacom.com\/index.php\/wp-json\/wp\/v2\/product_cat?post=35284"},{"taxonomy":"product_tag","embeddable":true,"href":"https:\/\/saltacom.com\/index.php\/wp-json\/wp\/v2\/product_tag?post=35284"}],"curies":[{"name":"wp","href":"https:\/\/api.w.org\/{rel}","templated":true}]}}