{"id":35288,"date":"2026-04-09T17:54:01","date_gmt":"2026-04-09T20:54:01","guid":{"rendered":"https:\/\/saltacom.com\/index.php\/producto\/gabinete-tt-the-tower-600-mid-tower-tg-x3-fan-x2-hydrangea-blue-5684\/"},"modified":"2026-04-10T08:19:14","modified_gmt":"2026-04-10T11:19:14","slug":"gabinete-tt-the-tower-600-mid-tower-tg-x3-fan-x2-hydrangea-blue-5684","status":"publish","type":"product","link":"https:\/\/saltacom.com\/index.php\/producto\/gabinete-tt-the-tower-600-mid-tower-tg-x3-fan-x2-hydrangea-blue-5684\/","title":{"rendered":"Gabinete TT The Tower 600 Mid-Tower TG x3 Fan x2 Hydrangea Blue (5684)"},"content":{"rendered":"<p>El gabinete Tower 600 Hydrangea Blue es una caja ATX con un dise\u00f1o cl\u00e1sico de caja vertical y viene en forma de prisma octogonal que es compatible con las \u00faltimas placas base con conectores ocultos.<br \/>\nM\u00e1s informaci\u00f3n:\u00a0CA-1Z1-00MFWN-00<\/p>\n","protected":false},"excerpt":{"rendered":"<p>El gabinete Tower 600 Hydrangea Blue es una caja ATX con un dise\u00f1o cl\u00e1sico de caja vertical y viene en forma de prisma octogonal que es compatible con las \u00faltimas placas base\u2026<\/p>\n","protected":false},"featured_media":35289,"template":"","meta":[],"product_brand":[],"product_cat":[100,130],"product_tag":[],"class_list":{"0":"post-35288","1":"product","2":"type-product","3":"status-publish","4":"has-post-thumbnail","6":"product_cat-gabinete","7":"product_cat-pv","9":"first","10":"instock","11":"shipping-taxable","12":"purchasable","13":"product-type-simple"},"_links":{"self":[{"href":"https:\/\/saltacom.com\/index.php\/wp-json\/wp\/v2\/product\/35288","targetHints":{"allow":["GET"]}}],"collection":[{"href":"https:\/\/saltacom.com\/index.php\/wp-json\/wp\/v2\/product"}],"about":[{"href":"https:\/\/saltacom.com\/index.php\/wp-json\/wp\/v2\/types\/product"}],"version-history":[{"count":1,"href":"https:\/\/saltacom.com\/index.php\/wp-json\/wp\/v2\/product\/35288\/revisions"}],"predecessor-version":[{"id":35400,"href":"https:\/\/saltacom.com\/index.php\/wp-json\/wp\/v2\/product\/35288\/revisions\/35400"}],"wp:featuredmedia":[{"embeddable":true,"href":"https:\/\/saltacom.com\/index.php\/wp-json\/wp\/v2\/media\/35289"}],"wp:attachment":[{"href":"https:\/\/saltacom.com\/index.php\/wp-json\/wp\/v2\/media?parent=35288"}],"wp:term":[{"taxonomy":"product_brand","embeddable":true,"href":"https:\/\/saltacom.com\/index.php\/wp-json\/wp\/v2\/product_brand?post=35288"},{"taxonomy":"product_cat","embeddable":true,"href":"https:\/\/saltacom.com\/index.php\/wp-json\/wp\/v2\/product_cat?post=35288"},{"taxonomy":"product_tag","embeddable":true,"href":"https:\/\/saltacom.com\/index.php\/wp-json\/wp\/v2\/product_tag?post=35288"}],"curies":[{"name":"wp","href":"https:\/\/api.w.org\/{rel}","templated":true}]}}