{"id":35349,"date":"2026-04-09T18:01:15","date_gmt":"2026-04-09T21:01:15","guid":{"rendered":"https:\/\/saltacom.com\/index.php\/producto\/gabinete-corsair-icue-link-5000t-lx-rgb-mid-tower-fan-x3-black-7739\/"},"modified":"2026-04-10T04:19:24","modified_gmt":"2026-04-10T07:19:24","slug":"gabinete-corsair-icue-link-5000t-lx-rgb-mid-tower-fan-x3-black-7739","status":"publish","type":"product","link":"https:\/\/saltacom.com\/index.php\/producto\/gabinete-corsair-icue-link-5000t-lx-rgb-mid-tower-fan-x3-black-7739\/","title":{"rendered":"Gabinete Corsair iCUE LINK 5000T LX RGB Mid-Tower Fan x3 Black (7739)"},"content":{"rendered":"<p>Capte la atenci\u00f3n de todos con el dise\u00f1o del exclusivo contorno del CORSAIR 5000T LX RGB, listo para alojar el sistema perfecto compatible con placas base de conexi\u00f3n inversa.<br \/>\nM\u00e1s informaci\u00f3n:\u00a0CC-9011298-WW<\/p>\n","protected":false},"excerpt":{"rendered":"<p>Capte la atenci\u00f3n de todos con el dise\u00f1o del exclusivo contorno del CORSAIR 5000T LX RGB, listo para alojar el sistema perfecto compatible con placas base de conexi\u00f3n inversa. M\u00e1s informaci\u00f3n:\u00a0CC-9011298-WW<\/p>\n","protected":false},"featured_media":35350,"template":"","meta":[],"product_brand":[],"product_cat":[100,130],"product_tag":[],"class_list":{"0":"post-35349","1":"product","2":"type-product","3":"status-publish","4":"has-post-thumbnail","6":"product_cat-gabinete","7":"product_cat-pv","9":"first","10":"instock","11":"shipping-taxable","12":"purchasable","13":"product-type-simple"},"_links":{"self":[{"href":"https:\/\/saltacom.com\/index.php\/wp-json\/wp\/v2\/product\/35349","targetHints":{"allow":["GET"]}}],"collection":[{"href":"https:\/\/saltacom.com\/index.php\/wp-json\/wp\/v2\/product"}],"about":[{"href":"https:\/\/saltacom.com\/index.php\/wp-json\/wp\/v2\/types\/product"}],"version-history":[{"count":1,"href":"https:\/\/saltacom.com\/index.php\/wp-json\/wp\/v2\/product\/35349\/revisions"}],"predecessor-version":[{"id":35429,"href":"https:\/\/saltacom.com\/index.php\/wp-json\/wp\/v2\/product\/35349\/revisions\/35429"}],"wp:featuredmedia":[{"embeddable":true,"href":"https:\/\/saltacom.com\/index.php\/wp-json\/wp\/v2\/media\/35350"}],"wp:attachment":[{"href":"https:\/\/saltacom.com\/index.php\/wp-json\/wp\/v2\/media?parent=35349"}],"wp:term":[{"taxonomy":"product_brand","embeddable":true,"href":"https:\/\/saltacom.com\/index.php\/wp-json\/wp\/v2\/product_brand?post=35349"},{"taxonomy":"product_cat","embeddable":true,"href":"https:\/\/saltacom.com\/index.php\/wp-json\/wp\/v2\/product_cat?post=35349"},{"taxonomy":"product_tag","embeddable":true,"href":"https:\/\/saltacom.com\/index.php\/wp-json\/wp\/v2\/product_tag?post=35349"}],"curies":[{"name":"wp","href":"https:\/\/api.w.org\/{rel}","templated":true}]}}