{"id":35443,"date":"2026-04-09T19:44:22","date_gmt":"2026-04-09T22:44:22","guid":{"rendered":"https:\/\/saltacom.com\/index.php\/producto\/placa-red-tp-link-adaptador-usb-inalam-alta-ganancia-ac600\/"},"modified":"2026-04-21T07:13:11","modified_gmt":"2026-04-21T10:13:11","slug":"placa-red-tp-link-adaptador-usb-inalam-alta-ganancia-ac600","status":"publish","type":"product","link":"https:\/\/saltacom.com\/index.php\/producto\/placa-red-tp-link-adaptador-usb-inalam-alta-ganancia-ac600\/","title":{"rendered":"PLACA RED TP LINK ADAPTADOR USB INALAM ALTA GANANCIA AC600"},"content":{"rendered":"<p>Wi-Fi Alta velocidad: 256QAM incrementa el ancho de banda de 2,4 GHz de 150 Mbps a 200 Mbps, 200 Mbps en la banda de 2,4 GHz y 433 Mbps en la banda de 5 GHz, Wi-Fi AC. te asegura una conexi\u00f3n r\u00e1pidaDoble Banda Inal\u00e1mbrica: Bandas de 2.4 GHz y 5 GHz proporcionan conectividad flexible, dando el acceso al dispositivos a la oble banda Wi-Fi del router para mayor velocidad y rango extendidoAntena Alta Ganancia: Antena de 5dBi de alta ganancia mejora considerablemente la potencia de recepci\u00f3n y transmisi\u00f3n de se\u00f1al del adaptador USBSoporta los \u00daltimos Sistemas Operativos: Compatible con Windows 10\/8.1\/8\/7\/XP y Mac OS XCAJA X 40u<\/p>\n","protected":false},"excerpt":{"rendered":"<p><strong>Marca:<\/strong> TP LINK<\/p>\n","protected":false},"featured_media":35444,"template":"","meta":[],"product_brand":[],"product_cat":[155,158],"product_tag":[],"class_list":{"0":"post-35443","1":"product","2":"type-product","3":"status-publish","4":"has-post-thumbnail","6":"product_cat-msn","7":"product_cat-tp-link","9":"first","10":"onbackorder","11":"shipping-taxable","12":"purchasable","13":"product-type-simple"},"_links":{"self":[{"href":"https:\/\/saltacom.com\/index.php\/wp-json\/wp\/v2\/product\/35443","targetHints":{"allow":["GET"]}}],"collection":[{"href":"https:\/\/saltacom.com\/index.php\/wp-json\/wp\/v2\/product"}],"about":[{"href":"https:\/\/saltacom.com\/index.php\/wp-json\/wp\/v2\/types\/product"}],"version-history":[{"count":0,"href":"https:\/\/saltacom.com\/index.php\/wp-json\/wp\/v2\/product\/35443\/revisions"}],"wp:featuredmedia":[{"embeddable":true,"href":"https:\/\/saltacom.com\/index.php\/wp-json\/wp\/v2\/media\/35444"}],"wp:attachment":[{"href":"https:\/\/saltacom.com\/index.php\/wp-json\/wp\/v2\/media?parent=35443"}],"wp:term":[{"taxonomy":"product_brand","embeddable":true,"href":"https:\/\/saltacom.com\/index.php\/wp-json\/wp\/v2\/product_brand?post=35443"},{"taxonomy":"product_cat","embeddable":true,"href":"https:\/\/saltacom.com\/index.php\/wp-json\/wp\/v2\/product_cat?post=35443"},{"taxonomy":"product_tag","embeddable":true,"href":"https:\/\/saltacom.com\/index.php\/wp-json\/wp\/v2\/product_tag?post=35443"}],"curies":[{"name":"wp","href":"https:\/\/api.w.org\/{rel}","templated":true}]}}