{"id":35474,"date":"2026-04-14T01:15:50","date_gmt":"2026-04-14T04:15:50","guid":{"rendered":"https:\/\/saltacom.com\/index.php\/producto\/ap-out-mikrotik-sxtsq-5-ax-cpe-wifi-6-s-f\/"},"modified":"2026-04-14T01:15:51","modified_gmt":"2026-04-14T04:15:51","slug":"ap-out-mikrotik-sxtsq-5-ax-cpe-wifi-6-s-f","status":"publish","type":"product","link":"https:\/\/saltacom.com\/index.php\/producto\/ap-out-mikrotik-sxtsq-5-ax-cpe-wifi-6-s-f\/","title":{"rendered":"AP OUT.MIKROTIK SXTSQ 5 AX CPE WIFI 6      S\/F"},"content":{"rendered":"<p>CPE wifi 6 MikroTik1 puerto LAN Gigabit (entrada PoE pasiva de 12-28 V) \/ Doble cadena 5 GHz 802.11a\/n\/ac\/ax (Wi-Fi 6) \/ Ganancia de antena de 16 dBi \/ Enlaces de m\u00e1s de 10 km en implementaciones con l\u00ednea de visi\u00f3n \/ IP55 \/ Sistema operativo del enrutador (licencia de nivel 4)<\/p>\n","protected":false},"excerpt":{"rendered":"<p><strong>Marca:<\/strong> MIKROTIK<\/p>\n","protected":false},"featured_media":0,"template":"","meta":[],"product_brand":[],"product_cat":[155,159],"product_tag":[],"class_list":{"0":"post-35474","1":"product","2":"type-product","3":"status-publish","5":"product_cat-msn","6":"product_cat-mikrotik","8":"first","9":"onbackorder","10":"shipping-taxable","11":"purchasable","12":"product-type-simple"},"_links":{"self":[{"href":"https:\/\/saltacom.com\/index.php\/wp-json\/wp\/v2\/product\/35474","targetHints":{"allow":["GET"]}}],"collection":[{"href":"https:\/\/saltacom.com\/index.php\/wp-json\/wp\/v2\/product"}],"about":[{"href":"https:\/\/saltacom.com\/index.php\/wp-json\/wp\/v2\/types\/product"}],"version-history":[{"count":0,"href":"https:\/\/saltacom.com\/index.php\/wp-json\/wp\/v2\/product\/35474\/revisions"}],"wp:attachment":[{"href":"https:\/\/saltacom.com\/index.php\/wp-json\/wp\/v2\/media?parent=35474"}],"wp:term":[{"taxonomy":"product_brand","embeddable":true,"href":"https:\/\/saltacom.com\/index.php\/wp-json\/wp\/v2\/product_brand?post=35474"},{"taxonomy":"product_cat","embeddable":true,"href":"https:\/\/saltacom.com\/index.php\/wp-json\/wp\/v2\/product_cat?post=35474"},{"taxonomy":"product_tag","embeddable":true,"href":"https:\/\/saltacom.com\/index.php\/wp-json\/wp\/v2\/product_tag?post=35474"}],"curies":[{"name":"wp","href":"https:\/\/api.w.org\/{rel}","templated":true}]}}