{"id":35494,"date":"2026-04-15T08:42:13","date_gmt":"2026-04-15T11:42:13","guid":{"rendered":"https:\/\/saltacom.com\/index.php\/producto\/sg3428xmp-switch-giga-jet-24p-poe-4-sfp-10g-tp-link-omada-1619\/"},"modified":"2026-04-16T03:19:44","modified_gmt":"2026-04-16T06:19:44","slug":"sg3428xmp-switch-giga-jet-24p-poe-4-sfp-10g-tp-link-omada-1619","status":"publish","type":"product","link":"https:\/\/saltacom.com\/index.php\/producto\/sg3428xmp-switch-giga-jet-24p-poe-4-sfp-10g-tp-link-omada-1619\/","title":{"rendered":"SG3428XMP Switch Giga Jet 24P POE +4 SFP 10G Tp-Link Omada (1619)"},"content":{"rendered":"<p>Enlace ascendente ultrarr\u00e1pido de 10 G: las ranuras SFP+ de 4 \u00d7 10 Gbps permiten conectividad de gran ancho de banda y capacidad de conmutaci\u00f3n sin bloqueo.<\/p>\n<p>Presupuesto PoE de 384 W: 24 puertos PoE+ compatibles con 802.3at\/af con una fuente de alimentaci\u00f3n total de 384 W.<\/p>\n<p>Integrado en Omada SDN: Zero-Touch Provisioning (ZTP), gesti\u00f3n centralizada de la nube y supervisi\u00f3n inteligente.<\/p>\n<p>M\u00e1s informaci\u00f3n:\u00a0SG3428XMP<\/p>\n","protected":false},"excerpt":{"rendered":"<p>Enlace ascendente ultrarr\u00e1pido de 10 G: las ranuras SFP+ de 4 \u00d7 10 Gbps permiten conectividad de gran ancho de banda y capacidad de conmutaci\u00f3n sin bloqueo. Presupuesto PoE de 384 W:\u2026<\/p>\n","protected":false},"featured_media":35495,"template":"","meta":[],"product_brand":[],"product_cat":[130],"product_tag":[],"class_list":{"0":"post-35494","1":"product","2":"type-product","3":"status-publish","4":"has-post-thumbnail","6":"product_cat-pv","8":"first","9":"instock","10":"shipping-taxable","11":"purchasable","12":"product-type-simple"},"_links":{"self":[{"href":"https:\/\/saltacom.com\/index.php\/wp-json\/wp\/v2\/product\/35494","targetHints":{"allow":["GET"]}}],"collection":[{"href":"https:\/\/saltacom.com\/index.php\/wp-json\/wp\/v2\/product"}],"about":[{"href":"https:\/\/saltacom.com\/index.php\/wp-json\/wp\/v2\/types\/product"}],"version-history":[{"count":1,"href":"https:\/\/saltacom.com\/index.php\/wp-json\/wp\/v2\/product\/35494\/revisions"}],"predecessor-version":[{"id":35545,"href":"https:\/\/saltacom.com\/index.php\/wp-json\/wp\/v2\/product\/35494\/revisions\/35545"}],"wp:featuredmedia":[{"embeddable":true,"href":"https:\/\/saltacom.com\/index.php\/wp-json\/wp\/v2\/media\/35495"}],"wp:attachment":[{"href":"https:\/\/saltacom.com\/index.php\/wp-json\/wp\/v2\/media?parent=35494"}],"wp:term":[{"taxonomy":"product_brand","embeddable":true,"href":"https:\/\/saltacom.com\/index.php\/wp-json\/wp\/v2\/product_brand?post=35494"},{"taxonomy":"product_cat","embeddable":true,"href":"https:\/\/saltacom.com\/index.php\/wp-json\/wp\/v2\/product_cat?post=35494"},{"taxonomy":"product_tag","embeddable":true,"href":"https:\/\/saltacom.com\/index.php\/wp-json\/wp\/v2\/product_tag?post=35494"}],"curies":[{"name":"wp","href":"https:\/\/api.w.org\/{rel}","templated":true}]}}