{"id":35524,"date":"2026-04-15T08:54:12","date_gmt":"2026-04-15T11:54:12","guid":{"rendered":"https:\/\/saltacom.com\/index.php\/producto\/mouse-logitech-g-pro-x-superlight-2c-white-910-007537\/"},"modified":"2026-04-15T21:19:47","modified_gmt":"2026-04-16T00:19:47","slug":"mouse-logitech-g-pro-x-superlight-2c-white-910-007537","status":"publish","type":"product","link":"https:\/\/saltacom.com\/index.php\/producto\/mouse-logitech-g-pro-x-superlight-2c-white-910-007537\/","title":{"rendered":"Mouse Logitech G Pro X Superlight 2C White 910-007537"},"content":{"rendered":"<p>El PRO X SUPERLIGHT 2c es un mouse compacto de 51 g que cuenta con el avanzado sensor HERO 2, robusta tecnolog\u00eda inal\u00e1mbrica LIGHTSPEED e interruptores LIGHTFORCE. Adem\u00e1s, ofrece hasta 95 horas de autonom\u00eda.<br \/>\nM\u00e1s informaci\u00f3n:\u00a0910-007537<\/p>\n","protected":false},"excerpt":{"rendered":"<p>El PRO X SUPERLIGHT 2c es un mouse compacto de 51 g que cuenta con el avanzado sensor HERO 2, robusta tecnolog\u00eda inal\u00e1mbrica LIGHTSPEED e interruptores LIGHTFORCE. Adem\u00e1s, ofrece hasta 95 horas\u2026<\/p>\n","protected":false},"featured_media":35525,"template":"","meta":[],"product_brand":[],"product_cat":[110,130],"product_tag":[],"class_list":{"0":"post-35524","1":"product","2":"type-product","3":"status-publish","4":"has-post-thumbnail","6":"product_cat-mouse","7":"product_cat-pv","9":"first","10":"instock","11":"shipping-taxable","12":"purchasable","13":"product-type-simple"},"_links":{"self":[{"href":"https:\/\/saltacom.com\/index.php\/wp-json\/wp\/v2\/product\/35524","targetHints":{"allow":["GET"]}}],"collection":[{"href":"https:\/\/saltacom.com\/index.php\/wp-json\/wp\/v2\/product"}],"about":[{"href":"https:\/\/saltacom.com\/index.php\/wp-json\/wp\/v2\/types\/product"}],"version-history":[{"count":1,"href":"https:\/\/saltacom.com\/index.php\/wp-json\/wp\/v2\/product\/35524\/revisions"}],"predecessor-version":[{"id":35560,"href":"https:\/\/saltacom.com\/index.php\/wp-json\/wp\/v2\/product\/35524\/revisions\/35560"}],"wp:featuredmedia":[{"embeddable":true,"href":"https:\/\/saltacom.com\/index.php\/wp-json\/wp\/v2\/media\/35525"}],"wp:attachment":[{"href":"https:\/\/saltacom.com\/index.php\/wp-json\/wp\/v2\/media?parent=35524"}],"wp:term":[{"taxonomy":"product_brand","embeddable":true,"href":"https:\/\/saltacom.com\/index.php\/wp-json\/wp\/v2\/product_brand?post=35524"},{"taxonomy":"product_cat","embeddable":true,"href":"https:\/\/saltacom.com\/index.php\/wp-json\/wp\/v2\/product_cat?post=35524"},{"taxonomy":"product_tag","embeddable":true,"href":"https:\/\/saltacom.com\/index.php\/wp-json\/wp\/v2\/product_tag?post=35524"}],"curies":[{"name":"wp","href":"https:\/\/api.w.org\/{rel}","templated":true}]}}