{"id":35534,"date":"2026-04-15T08:54:28","date_gmt":"2026-04-15T11:54:28","guid":{"rendered":"https:\/\/saltacom.com\/index.php\/producto\/mother-msi-pro-b850m-b-gen4-ddr5-am5-serie-7000-8000-9000-8602\/"},"modified":"2026-04-16T05:19:40","modified_gmt":"2026-04-16T08:19:40","slug":"mother-msi-pro-b850m-b-gen4-ddr5-am5-serie-7000-8000-9000-8602","status":"publish","type":"product","link":"https:\/\/saltacom.com\/index.php\/producto\/mother-msi-pro-b850m-b-gen4-ddr5-am5-serie-7000-8000-9000-8602\/","title":{"rendered":"Mother MSI PRO B850M-B GEN4 DDR5 AM5 (Serie 7000\/8000\/9000) (8602)"},"content":{"rendered":"<p>La PRO B850M-B GEN4 ofrece un dise\u00f1o sencillo con una armoniosa paleta de colores plateados que combina a la perfecci\u00f3n con PCs blancas y negras. Est\u00e1 dise\u00f1ada con numerosas caracter\u00edsticas exclusivas de MSI, como LAN 2.5G, PCIe 5.0 M.2 con M.2 Shield Frozr y EZ PCIe Clip II, compatible con los procesadores AMD Ryzen&trade; serie 9000.<br \/>\nM\u00e1s informaci\u00f3n: PRO B850M-B GEN4<\/p>\n","protected":false},"excerpt":{"rendered":"<p>La PRO B850M-B GEN4 ofrece un dise\u00f1o sencillo con una armoniosa paleta de colores plateados que combina a la perfecci\u00f3n con PCs blancas y negras. Est\u00e1 dise\u00f1ada con numerosas caracter\u00edsticas exclusivas de\u2026<\/p>\n","protected":false},"featured_media":35535,"template":"","meta":[],"product_brand":[],"product_cat":[130],"product_tag":[],"class_list":{"0":"post-35534","1":"product","2":"type-product","3":"status-publish","4":"has-post-thumbnail","6":"product_cat-pv","8":"first","9":"instock","10":"shipping-taxable","11":"purchasable","12":"product-type-simple"},"_links":{"self":[{"href":"https:\/\/saltacom.com\/index.php\/wp-json\/wp\/v2\/product\/35534","targetHints":{"allow":["GET"]}}],"collection":[{"href":"https:\/\/saltacom.com\/index.php\/wp-json\/wp\/v2\/product"}],"about":[{"href":"https:\/\/saltacom.com\/index.php\/wp-json\/wp\/v2\/types\/product"}],"version-history":[{"count":1,"href":"https:\/\/saltacom.com\/index.php\/wp-json\/wp\/v2\/product\/35534\/revisions"}],"predecessor-version":[{"id":35565,"href":"https:\/\/saltacom.com\/index.php\/wp-json\/wp\/v2\/product\/35534\/revisions\/35565"}],"wp:featuredmedia":[{"embeddable":true,"href":"https:\/\/saltacom.com\/index.php\/wp-json\/wp\/v2\/media\/35535"}],"wp:attachment":[{"href":"https:\/\/saltacom.com\/index.php\/wp-json\/wp\/v2\/media?parent=35534"}],"wp:term":[{"taxonomy":"product_brand","embeddable":true,"href":"https:\/\/saltacom.com\/index.php\/wp-json\/wp\/v2\/product_brand?post=35534"},{"taxonomy":"product_cat","embeddable":true,"href":"https:\/\/saltacom.com\/index.php\/wp-json\/wp\/v2\/product_cat?post=35534"},{"taxonomy":"product_tag","embeddable":true,"href":"https:\/\/saltacom.com\/index.php\/wp-json\/wp\/v2\/product_tag?post=35534"}],"curies":[{"name":"wp","href":"https:\/\/api.w.org\/{rel}","templated":true}]}}