{"id":35582,"date":"2026-04-16T01:16:07","date_gmt":"2026-04-16T04:16:07","guid":{"rendered":"https:\/\/saltacom.com\/index.php\/producto\/switch-tp-link-8-puertos-gb-smart-poe150w-2sfp\/"},"modified":"2026-04-18T21:15:47","modified_gmt":"2026-04-19T00:15:47","slug":"switch-tp-link-8-puertos-gb-smart-poe150w-2sfp","status":"publish","type":"product","link":"https:\/\/saltacom.com\/index.php\/producto\/switch-tp-link-8-puertos-gb-smart-poe150w-2sfp\/","title":{"rendered":"SWITCH TP LINK 8 PUERTOS GB SMART POE+150W  2SFP"},"content":{"rendered":"<p>TL-SG2210MPSwitch Smart Gigabit JetStream de 10 puertos con 8 puertos PoE +Presupuesto PoE de 150 W: 8 puertos 802.3at \/ af PoE + con un suministro total de 150 W *.Puertos Gigabit completos: los 8 puertos PoE + gigabit y las 2 ranuras SFP gigabit proporcionan conexiones de alta velocidad.Integrado en Omada SDN: Zero-Touch Provisioning (ZTP) **, Administraci\u00f3n centralizada v\u00eda nube y monitorizaci\u00f3n inteligente.Administraci\u00f3n centralizada: acceso a la nube y aplicaci\u00f3n Omada para una comodidad y administraci\u00f3n f\u00e1ciles.Estrategias de seguridad robustas: enlace de puertos IP-MAC, ACL, seguridad de puertos, defensa DoS, control de tormentas, inspecci\u00f3n DHCP, 802.1X, autenticaci\u00f3n de radio y m\u00e1s.Optimizaci\u00f3n de las aplicaciones de voz y video: L2 \/ L3 \/ L4 QoS e IGMP snooping.<\/p>\n","protected":false},"excerpt":{"rendered":"<p><strong>Marca:<\/strong> TP LINK<\/p>\n","protected":false},"featured_media":35583,"template":"","meta":[],"product_brand":[],"product_cat":[155,158],"product_tag":[],"class_list":{"0":"post-35582","1":"product","2":"type-product","3":"status-publish","4":"has-post-thumbnail","6":"product_cat-msn","7":"product_cat-tp-link","9":"first","10":"onbackorder","11":"shipping-taxable","12":"purchasable","13":"product-type-simple"},"_links":{"self":[{"href":"https:\/\/saltacom.com\/index.php\/wp-json\/wp\/v2\/product\/35582","targetHints":{"allow":["GET"]}}],"collection":[{"href":"https:\/\/saltacom.com\/index.php\/wp-json\/wp\/v2\/product"}],"about":[{"href":"https:\/\/saltacom.com\/index.php\/wp-json\/wp\/v2\/types\/product"}],"version-history":[{"count":0,"href":"https:\/\/saltacom.com\/index.php\/wp-json\/wp\/v2\/product\/35582\/revisions"}],"wp:featuredmedia":[{"embeddable":true,"href":"https:\/\/saltacom.com\/index.php\/wp-json\/wp\/v2\/media\/35583"}],"wp:attachment":[{"href":"https:\/\/saltacom.com\/index.php\/wp-json\/wp\/v2\/media?parent=35582"}],"wp:term":[{"taxonomy":"product_brand","embeddable":true,"href":"https:\/\/saltacom.com\/index.php\/wp-json\/wp\/v2\/product_brand?post=35582"},{"taxonomy":"product_cat","embeddable":true,"href":"https:\/\/saltacom.com\/index.php\/wp-json\/wp\/v2\/product_cat?post=35582"},{"taxonomy":"product_tag","embeddable":true,"href":"https:\/\/saltacom.com\/index.php\/wp-json\/wp\/v2\/product_tag?post=35582"}],"curies":[{"name":"wp","href":"https:\/\/api.w.org\/{rel}","templated":true}]}}