{"id":35636,"date":"2026-04-21T07:12:23","date_gmt":"2026-04-21T10:12:23","guid":{"rendered":"https:\/\/saltacom.com\/index.php\/producto\/ap-out-mikrotik-ap-cpe-antena-5ac-27dbi-pack-x4\/"},"modified":"2026-04-21T07:12:24","modified_gmt":"2026-04-21T10:12:24","slug":"ap-out-mikrotik-ap-cpe-antena-5ac-27dbi-pack-x4","status":"publish","type":"product","link":"https:\/\/saltacom.com\/index.php\/producto\/ap-out-mikrotik-ap-cpe-antena-5ac-27dbi-pack-x4\/","title":{"rendered":"AP OUT.MIKROTIK AP\/CPE + ANTENA 5AC 27DBI PACK X4"},"content":{"rendered":"<p>RBLHGG-5acD-XL4pack (LHG XL 5 AC 4PACK)PACK DE 4 UNIDADES del modelo individual LHG XL 5 ac \/ RBLHGG-5acD-XLLHG XL 5 ac con antena de 27dBi 5GHz, cadena dual wireless 802.11ac, CPU de 716MHz, 256MB de RAM, 1x Gigabit LAN, POE, fuente de alimentaci\u00f3n, RouterOS L3Es un dispositivo inal\u00e1mbrico compacto y ligero de 5 GHz 802.11ac con antena integrada de doble polarizaci\u00f3n de 27 dBi. Es perfecto para establecer enlaces punto entre dos de ellas o para su uso como un CPE\/cliente.El dise\u00f1o de la antena en una rejilla cuadriculada garantiza la protecci\u00f3n contra el viento y la integraci\u00f3n de la antena con el radio inal\u00e1mbrico significa que no hay p\u00e9rdida debida a cables coaxiales.Para conseguir un env\u00edo compacto el producto viene desensamblado, pero es muy sencilla de reemnsamblar<\/p>\n","protected":false},"excerpt":{"rendered":"<p><strong>Marca:<\/strong> MIKROTIK<\/p>\n","protected":false},"featured_media":35637,"template":"","meta":[],"product_brand":[],"product_cat":[155,159],"product_tag":[],"class_list":{"0":"post-35636","1":"product","2":"type-product","3":"status-publish","4":"has-post-thumbnail","6":"product_cat-msn","7":"product_cat-mikrotik","9":"first","10":"onbackorder","11":"shipping-taxable","12":"purchasable","13":"product-type-simple"},"_links":{"self":[{"href":"https:\/\/saltacom.com\/index.php\/wp-json\/wp\/v2\/product\/35636","targetHints":{"allow":["GET"]}}],"collection":[{"href":"https:\/\/saltacom.com\/index.php\/wp-json\/wp\/v2\/product"}],"about":[{"href":"https:\/\/saltacom.com\/index.php\/wp-json\/wp\/v2\/types\/product"}],"version-history":[{"count":0,"href":"https:\/\/saltacom.com\/index.php\/wp-json\/wp\/v2\/product\/35636\/revisions"}],"wp:featuredmedia":[{"embeddable":true,"href":"https:\/\/saltacom.com\/index.php\/wp-json\/wp\/v2\/media\/35637"}],"wp:attachment":[{"href":"https:\/\/saltacom.com\/index.php\/wp-json\/wp\/v2\/media?parent=35636"}],"wp:term":[{"taxonomy":"product_brand","embeddable":true,"href":"https:\/\/saltacom.com\/index.php\/wp-json\/wp\/v2\/product_brand?post=35636"},{"taxonomy":"product_cat","embeddable":true,"href":"https:\/\/saltacom.com\/index.php\/wp-json\/wp\/v2\/product_cat?post=35636"},{"taxonomy":"product_tag","embeddable":true,"href":"https:\/\/saltacom.com\/index.php\/wp-json\/wp\/v2\/product_tag?post=35636"}],"curies":[{"name":"wp","href":"https:\/\/api.w.org\/{rel}","templated":true}]}}